57.141.20.55 - - [12/May/2026:05:35:22 -0700] "GET /enjoy-free-gambling-games-no-obtain-no-registration/feed/?fileloc=/home/j2d7uhbqfejh/public_html/zorgosso.nl/wp-settings.php&path=/home/j2d7uhbqfejh/public_html/zorgosso.nl HTTP/1.1" 200 47082 "-" "meta-externalagent/1.1 (+https://developers.facebook.com/docs/sharing/webmasters/crawler)" 68 **0/68139**
57.141.20.44 - - [12/May/2026:05:35:23 -0700] "GET /enjoy-free-gambling-games-no-obtain-no-registration/feed/?fileloc=/home/j2d7uhbqfejh/public_html/zorgosso.nl/wp-trackback.php&path=/home/j2d7uhbqfejh/public_html/zorgosso.nl HTTP/1.1" 200 18594 "-" "meta-externalagent/1.1 (+https://developers.facebook.com/docs/sharing/webmasters/crawler)" 77 **0/77095**
57.141.20.18 - - [12/May/2026:05:35:23 -0700] "GET /cartes-de-bingo-virtuelle/ HTTP/1.1" 200 60446 "-" "meta-externalagent/1.1 (+https://developers.facebook.com/docs/sharing/webmasters/crawler)" 73 **0/73175**
57.141.20.55 - - [12/May/2026:05:35:23 -0700] "GET /enjoy-free-gambling-games-no-obtain-no-registration/feed/?fileloc=/home/j2d7uhbqfejh/public_html/zorgosso.nl/wp-comments-post.php&path=/home/j2d7uhbqfejh/public_html/zorgosso.nl HTTP/1.1" 200 15157 "-" "meta-externalagent/1.1 (+https://developers.facebook.com/docs/sharing/webmasters/crawler)" 86 **0/86436**
57.141.20.53 - - [12/May/2026:05:35:24 -0700] "GET /wp-json/wp/v2/posts/54503?path=/home/j2d7uhbqfejh HTTP/1.1" 200 54138 "-" "meta-externalagent/1.1 (+https://developers.facebook.com/docs/sharing/webmasters/crawler)" 74 **0/74324**
57.141.20.32 - - [12/May/2026:05:35:24 -0700] "GET /wp-json/wp/v2/posts/54503?fileloc=/home/j2d7uhbqfejh/public_html/zorgosso.nl/xmlrpc.php&path=/home/j2d7uhbqfejh/public_html/zorgosso.nl HTTP/1.1" 200 16351 "-" "meta-externalagent/1.1 (+https://developers.facebook.com/docs/sharing/webmasters/crawler)" 74 **0/74702**
57.141.20.2 - - [12/May/2026:05:35:25 -0700] "GET /kansspelen-met-meeste-kans/?fileloc=/home/j2d7uhbqfejh/public_html/zorgosso.nl/wp-load.php&path=/home/j2d7uhbqfejh/public_html/zorgosso.nl HTTP/1.1" 200 16994 "-" "meta-externalagent/1.1 (+https://developers.facebook.com/docs/sharing/webmasters/crawler)" 81 **0/81047**
57.141.20.41 - - [12/May/2026:05:35:25 -0700] "GET /wp-json/wp/v2/posts/54503?fileloc=/home/j2d7uhbqfejh/public_html/zorgosso.nl/wp-links-opml.php&path=/home/j2d7uhbqfejh/public_html/zorgosso.nl HTTP/1.1" 200 15534 "-" "meta-externalagent/1.1 (+https://developers.facebook.com/docs/sharing/webmasters/crawler)" 63 **0/63239**
57.141.20.13 - - [12/May/2026:05:35:26 -0700] "GET /diese-antrag-ein-bankdaten-sei-ohnehin-nichtens-durch-die-bank-unumganglich/ HTTP/1.1" 200 60446 "-" "meta-externalagent/1.1 (+https://developers.facebook.com/docs/sharing/webmasters/crawler)" 70 **0/70471**
57.141.20.51 - - [12/May/2026:05:35:26 -0700] "GET /wp-json/wp/v2/posts/54503?fileloc=/home/j2d7uhbqfejh/public_html/zorgosso.nl/wp-config.php&path=/home/j2d7uhbqfejh/public_html/zorgosso.nl HTTP/1.1" 200 16305 "-" "meta-externalagent/1.1 (+https://developers.facebook.com/docs/sharing/webmasters/crawler)" 86 **0/86894**
57.141.20.54 - - [12/May/2026:05:35:26 -0700] "GET /kansspelen-met-meeste-kans/?path=/home/j2d7uhbqfejh/public_html/zorgosso.nl/cgi-bin HTTP/1.1" 200 12933 "-" "meta-externalagent/1.1 (+https://developers.facebook.com/docs/sharing/webmasters/crawler)" 90 **0/90064**
57.141.20.52 - - [12/May/2026:05:35:26 -0700] "GET /nowosci-w-sprawdzaniu-wynikow-w-grach-kasynowych-vox-w-2024-14/ HTTP/1.1" 200 60446 "-" "meta-externalagent/1.1 (+https://developers.facebook.com/docs/sharing/webmasters/crawler)" 73 **0/73453**
57.141.20.25 - - [12/May/2026:05:35:26 -0700] "GET /kansspelen-met-meeste-kans/?fileloc=/home/j2d7uhbqfejh/public_html/zorgosso.nl/googledd2121e9145a3ee2.html&path=/home/j2d7uhbqfejh/public_html/zorgosso.nl HTTP/1.1" 200 12548 "-" "meta-externalagent/1.1 (+https://developers.facebook.com/docs/sharing/webmasters/crawler)" 70 **0/70617**
57.141.20.35 - - [12/May/2026:05:35:27 -0700] "GET /wp-json/oembed/1.0/embed?fileloc=/home/j2d7uhbqfejh/public_html/zorgosso.nl/wp-blog-header.php&path=/home/j2d7uhbqfejh/public_html/zorgosso.nl HTTP/1.1" 200 12860 "-" "meta-externalagent/1.1 (+https://developers.facebook.com/docs/sharing/webmasters/crawler)" 71 **0/71614**
57.141.20.9 - - [12/May/2026:05:35:27 -0700] "GET /kansspelen-met-meeste-kans/?fileloc=/home/j2d7uhbqfejh/public_html/zorgosso.nl/wp-activate.php&path=/home/j2d7uhbqfejh/public_html/zorgosso.nl HTTP/1.1" 403 60446 "-" "meta-externalagent/1.1 (+https://developers.facebook.com/docs/sharing/webmasters/crawler)" 88 **0/88097**
57.141.20.35 - - [12/May/2026:05:35:27 -0700] "GET /kansspelen-met-meeste-kans/?fileloc=/home/j2d7uhbqfejh/public_html/zorgosso.nl/wp-mail.php&path=/home/j2d7uhbqfejh/public_html/zorgosso.nl HTTP/1.1" 403 60446 "-" "meta-externalagent/1.1 (+https://developers.facebook.com/docs/sharing/webmasters/crawler)" 72 **0/72460**
57.141.20.37 - - [12/May/2026:05:35:28 -0700] "GET /kansspelen-met-meeste-kans/?path=/home/j2d7uhbqfejh/public_html HTTP/1.1" 403 60446 "-" "meta-externalagent/1.1 (+https://developers.facebook.com/docs/sharing/webmasters/crawler)" 78 **0/78698**
57.141.20.42 - - [12/May/2026:05:35:28 -0700] "GET /kansspelen-met-meeste-kans/?fileloc=/home/j2d7uhbqfejh/public_html/zorgosso.nl/sitemap26.xml&path=/home/j2d7uhbqfejh/public_html/zorgosso.nl HTTP/1.1" 403 60446 "-" "meta-externalagent/1.1 (+https://developers.facebook.com/docs/sharing/webmasters/crawler)" 69 **0/69164**
57.141.20.65 - - [12/May/2026:05:35:28 -0700] "GET /kansspelen-met-meeste-kans/?fileloc=/home/j2d7uhbqfejh/public_html/zorgosso.nl/wp-blog-header.php&path=/home/j2d7uhbqfejh/public_html/zorgosso.nl HTTP/1.1" 403 60446 "-" "meta-externalagent/1.1 (+https://developers.facebook.com/docs/sharing/webmasters/crawler)" 86 **0/86918**
57.141.20.29 - - [12/May/2026:05:35:29 -0700] "GET /enjoy-free-gambling-games-no-obtain-no-registration/feed/?fileloc=/home/j2d7uhbqfejh/public_html/zorgosso.nl/wp-links-opml.php&path=/home/j2d7uhbqfejh/public_html/zorgosso.nl HTTP/1.1" 403 60446 "-" "meta-externalagent/1.1 (+https://developers.facebook.com/docs/sharing/webmasters/crawler)" 83 **0/83371**
57.141.20.16 - - [12/May/2026:05:35:29 -0700] "GET /enjoy-free-gambling-games-no-obtain-no-registration/feed/?fileloc=/home/j2d7uhbqfejh/public_html/zorgosso.nl/xmlrpc.php&path=/home/j2d7uhbqfejh/public_html/zorgosso.nl HTTP/1.1" 403 60446 "-" "meta-externalagent/1.1 (+https://developers.facebook.com/docs/sharing/webmasters/crawler)" 78 **0/78134**
57.141.20.34 - - [12/May/2026:05:35:29 -0700] "GET /kansspelen-met-meeste-kans/?fileloc=/home/j2d7uhbqfejh/public_html/zorgosso.nl/wp-comments-post.php&path=/home/j2d7uhbqfejh/public_html/zorgosso.nl HTTP/1.1" 403 60446 "-" "meta-externalagent/1.1 (+https://developers.facebook.com/docs/sharing/webmasters/crawler)" 82 **0/82580**
57.141.20.54 - - [12/May/2026:05:35:30 -0700] "GET /free-gokken/ HTTP/1.1" 403 60446 "-" "meta-externalagent/1.1 (+https://developers.facebook.com/docs/sharing/webmasters/crawler)" 67 **0/67266**
57.141.20.17 - - [12/May/2026:05:35:31 -0700] "GET /kansspelen-met-meeste-kans/?fileloc=/home/j2d7uhbqfejh/public_html/zorgosso.nl/index.php&path=/home/j2d7uhbqfejh/public_html/zorgosso.nl HTTP/1.1" 403 60446 "-" "meta-externalagent/1.1 (+https://developers.facebook.com/docs/sharing/webmasters/crawler)" 94 **0/94414**
57.141.20.66 - - [12/May/2026:05:35:31 -0700] "GET /kansspelen-met-meeste-kans/?path=/home/j2d7uhbqfejh/public_html/zorgosso.nl HTTP/1.1" 403 60446 "-" "meta-externalagent/1.1 (+https://developers.facebook.com/docs/sharing/webmasters/crawler)" 220 **0/220320**
57.141.20.64 - - [12/May/2026:05:35:31 -0700] "GET /kansspelen-met-meeste-kans/?fileloc=/home/j2d7uhbqfejh/public_html/zorgosso.nl/wp-settings.php&path=/home/j2d7uhbqfejh/public_html/zorgosso.nl HTTP/1.1" 403 60446 "-" "meta-externalagent/1.1 (+https://developers.facebook.com/docs/sharing/webmasters/crawler)" 124 **0/124869**
57.141.20.13 - - [12/May/2026:05:35:31 -0700] "GET /kansspelen-met-meeste-kans/?path=/home/j2d7uhbqfejh/public_html/zorgosso.nl/.tmb HTTP/1.1" 403 60446 "-" "meta-externalagent/1.1 (+https://developers.facebook.com/docs/sharing/webmasters/crawler)" 71 **0/71152**
57.141.20.18 - - [12/May/2026:05:35:32 -0700] "GET /?fileloc=/home/j2d7uhbqfejh/public_html/zorgosso.nl/sitemap26.xml&path=/home/j2d7uhbqfejh/public_html/zorgosso.nl HTTP/1.1" 403 60446 "-" "meta-externalagent/1.1 (+https://developers.facebook.com/docs/sharing/webmasters/crawler)" 92 **0/92213**
57.141.20.41 - - [12/May/2026:05:35:32 -0700] "GET /enjoy-free-gambling-games-no-obtain-no-registration/feed/?path=/home HTTP/1.1" 403 60446 "-" "meta-externalagent/1.1 (+https://developers.facebook.com/docs/sharing/webmasters/crawler)" 65 **0/65018**
57.141.20.35 - - [12/May/2026:05:35:32 -0700] "GET /kansspelen-met-meeste-kans/?fileloc=/home/j2d7uhbqfejh/public_html/zorgosso.nl/wp-confih.php&path=/home/j2d7uhbqfejh/public_html/zorgosso.nl HTTP/1.1" 403 60446 "-" "meta-externalagent/1.1 (+https://developers.facebook.com/docs/sharing/webmasters/crawler)" 88 **0/88438**
57.141.20.64 - - [12/May/2026:05:35:32 -0700] "GET /enjoy-free-gambling-games-no-obtain-no-registration/feed/?fileloc=/home/j2d7uhbqfejh/public_html/zorgosso.nl/wp-login.php&path=/home/j2d7uhbqfejh/public_html/zorgosso.nl HTTP/1.1" 403 60446 "-" "meta-externalagent/1.1 (+https://developers.facebook.com/docs/sharing/webmasters/crawler)" 106 **0/106519**
57.141.20.27 - - [12/May/2026:05:35:33 -0700] "GET /wp-json/wp/v2/posts/54503?path=/home/j2d7uhbqfejh/public_html/zorgosso.nl HTTP/1.1" 403 60446 "-" "meta-externalagent/1.1 (+https://developers.facebook.com/docs/sharing/webmasters/crawler)" 118 **0/118877**
57.141.20.43 - - [12/May/2026:05:35:33 -0700] "GET /enjoy-free-gambling-games-no-obtain-no-registration/feed/?fileloc=/home/j2d7uhbqfejh/public_html/zorgosso.nl/wp-config-sample.php&path=/home/j2d7uhbqfejh/public_html/zorgosso.nl HTTP/1.1" 403 60446 "-" "meta-externalagent/1.1 (+https://developers.facebook.com/docs/sharing/webmasters/crawler)" 128 **0/128679**
57.141.20.52 - - [12/May/2026:05:35:33 -0700] "GET /wp-json/wp/v2/posts/54503?path=/home/j2d7uhbqfejh/public_html/zorgosso.nl/wp-includes HTTP/1.1" 403 60446 "-" "meta-externalagent/1.1 (+https://developers.facebook.com/docs/sharing/webmasters/crawler)" 91 **0/91294**
57.141.20.41 - - [12/May/2026:05:35:34 -0700] "GET /enjoy-free-gambling-games-no-obtain-no-registration/feed/?fileloc=/home/j2d7uhbqfejh/public_html/zorgosso.nl/wp-activate.php&path=/home/j2d7uhbqfejh/public_html/zorgosso.nl HTTP/1.1" 403 60446 "-" "meta-externalagent/1.1 (+https://developers.facebook.com/docs/sharing/webmasters/crawler)" 87 **0/87996**
57.141.20.27 - - [12/May/2026:05:35:34 -0700] "GET /wp-json/wp/v2/posts/54503?path=/home/j2d7uhbqfejh/public_html HTTP/1.1" 403 60446 "-" "meta-externalagent/1.1 (+https://developers.facebook.com/docs/sharing/webmasters/crawler)" 71 **0/71090**
57.141.20.55 - - [12/May/2026:05:35:34 -0700] "GET /kansspelen-met-meeste-kans/?fileloc=/home/j2d7uhbqfejh/public_html/zorgosso.nl/readme.html&path=/home/j2d7uhbqfejh/public_html/zorgosso.nl HTTP/1.1" 403 60446 "-" "meta-externalagent/1.1 (+https://developers.facebook.com/docs/sharing/webmasters/crawler)" 79 **0/79154**
57.141.20.14 - - [12/May/2026:05:35:35 -0700] "GET /wp-json/wp/v2/posts/54503?fileloc=/home/j2d7uhbqfejh/public_html/zorgosso.nl/.htaccess&path=/home/j2d7uhbqfejh/public_html/zorgosso.nl HTTP/1.1" 403 60446 "-" "meta-externalagent/1.1 (+https://developers.facebook.com/docs/sharing/webmasters/crawler)" 90 **0/90380**
57.141.20.43 - - [12/May/2026:05:35:35 -0700] "GET /spinamba-casino-no-deposit-bonus/ HTTP/1.1" 403 60446 "-" "meta-externalagent/1.1 (+https://developers.facebook.com/docs/sharing/webmasters/crawler)" 90 **0/90518**
57.141.20.9 - - [12/May/2026:05:35:36 -0700] "GET /wp-json/wp/v2/posts/54503?path=/home/j2d7uhbqfejh/public_html/zorgosso.nl/.well-known HTTP/1.1" 403 60446 "-" "meta-externalagent/1.1 (+https://developers.facebook.com/docs/sharing/webmasters/crawler)" 68 **0/68644**
57.141.20.2 - - [12/May/2026:05:35:36 -0700] "GET /kansspelen-met-meeste-kans/?path=/home/j2d7uhbqfejh/public_html/zorgosso.nl/wp-content HTTP/1.1" 403 60446 "-" "meta-externalagent/1.1 (+https://developers.facebook.com/docs/sharing/webmasters/crawler)" 70 **0/70006**
57.141.20.32 - - [12/May/2026:05:35:37 -0700] "GET /kansspelen-met-meeste-kans/?fileloc=/home/j2d7uhbqfejh/public_html/zorgosso.nl/xmlrpc.php&path=/home/j2d7uhbqfejh/public_html/zorgosso.nl HTTP/1.1" 403 60446 "-" "meta-externalagent/1.1 (+https://developers.facebook.com/docs/sharing/webmasters/crawler)" 144 **0/144981**
57.141.20.17 - - [12/May/2026:05:35:37 -0700] "GET /wp-json/wp/v2/posts/54503?fileloc=/home/j2d7uhbqfejh/public_html/zorgosso.nl/wp-signup.php&path=/home/j2d7uhbqfejh/public_html/zorgosso.nl HTTP/1.1" 403 60446 "-" "meta-externalagent/1.1 (+https://developers.facebook.com/docs/sharing/webmasters/crawler)" 141 **0/141549**
57.141.20.54 - - [12/May/2026:05:35:37 -0700] "GET /wp-json/wp/v2/posts/54503?fileloc=/home/j2d7uhbqfejh/public_html/zorgosso.nl/wp-load.php&path=/home/j2d7uhbqfejh/public_html/zorgosso.nl HTTP/1.1" 403 60446 "-" "meta-externalagent/1.1 (+https://developers.facebook.com/docs/sharing/webmasters/crawler)" 136 **0/136406**
57.141.20.25 - - [12/May/2026:05:35:37 -0700] "GET /wp-json/oembed/1.0/embed?fileloc=/home/j2d7uhbqfejh/public_html/zorgosso.nl/wp-cron.php&path=/home/j2d7uhbqfejh/public_html/zorgosso.nl HTTP/1.1" 403 60446 "-" "meta-externalagent/1.1 (+https://developers.facebook.com/docs/sharing/webmasters/crawler)" 121 **0/121545**
57.141.20.8 - - [12/May/2026:05:35:37 -0700] "GET /wp-json/wp/v2/posts/54503?path=/home/j2d7uhbqfejh/public_html/zorgosso.nl/wp-content HTTP/1.1" 403 60446 "-" "meta-externalagent/1.1 (+https://developers.facebook.com/docs/sharing/webmasters/crawler)" 92 **0/92322**
57.141.20.7 - - [12/May/2026:05:35:37 -0700] "GET /wp-json/wp/v2/posts/54503?fileloc=/home/j2d7uhbqfejh/public_html/zorgosso.nl/wp-activate.php&path=/home/j2d7uhbqfejh/public_html/zorgosso.nl HTTP/1.1" 403 60446 "-" "meta-externalagent/1.1 (+https://developers.facebook.com/docs/sharing/webmasters/crawler)" 80 **0/80824**
57.141.20.59 - - [12/May/2026:05:35:39 -0700] "GET /wp-json/wp/v2/posts/54503?fileloc=/home/j2d7uhbqfejh/public_html/zorgosso.nl/wp-confih.php&path=/home/j2d7uhbqfejh/public_html/zorgosso.nl HTTP/1.1" 403 60446 "-" "meta-externalagent/1.1 (+https://developers.facebook.com/docs/sharing/webmasters/crawler)" 74 **0/74722**
57.141.20.69 - - [12/May/2026:05:35:39 -0700] "GET /wp-json/oembed/1.0/embed?path=/home/j2d7uhbqfejh/public_html/zorgosso.nl HTTP/1.1" 403 60446 "-" "meta-externalagent/1.1 (+https://developers.facebook.com/docs/sharing/webmasters/crawler)" 73 **0/73474**
57.141.20.1 - - [12/May/2026:05:35:39 -0700] "GET /wp-json/wp/v2/posts/54503?fileloc=/home/j2d7uhbqfejh/public_html/zorgosso.nl/wp-cron.php&path=/home/j2d7uhbqfejh/public_html/zorgosso.nl HTTP/1.1" 403 60446 "-" "meta-externalagent/1.1 (+https://developers.facebook.com/docs/sharing/webmasters/crawler)" 73 **0/73271**
57.141.20.29 - - [12/May/2026:05:35:40 -0700] "GET /mobile-gaming-at-mostbet-kazino-bir-oyuncunun-gorusu-9/ HTTP/1.1" 403 60446 "-" "meta-externalagent/1.1 (+https://developers.facebook.com/docs/sharing/webmasters/crawler)" 78 **0/78550**
57.141.20.64 - - [12/May/2026:05:35:40 -0700] "GET /wp-json/wp/v2/posts/54503?fileloc=/home/j2d7uhbqfejh/public_html/zorgosso.nl/robots.txt&path=/home/j2d7uhbqfejh/public_html/zorgosso.nl HTTP/1.1" 403 60446 "-" "meta-externalagent/1.1 (+https://developers.facebook.com/docs/sharing/webmasters/crawler)" 66 **0/66282**
57.141.20.1 - - [12/May/2026:05:35:40 -0700] "GET /wp-json/wp/v2/posts/54503?fileloc=/home/j2d7uhbqfejh/public_html/zorgosso.nl/wp-config-sample.php&path=/home/j2d7uhbqfejh/public_html/zorgosso.nl HTTP/1.1" 403 60446 "-" "meta-externalagent/1.1 (+https://developers.facebook.com/docs/sharing/webmasters/crawler)" 64 **0/64708**
57.141.20.68 - - [12/May/2026:05:35:40 -0700] "GET /nieuwe-slots-2026-geen-storting/?fileloc=/home/j2d7uhbqfejh/public_html/zorgosso.nl/googledd2121e9145a3ee2.html&path=/home/j2d7uhbqfejh/public_html/zorgosso.nl HTTP/1.1" 403 60446 "-" "meta-externalagent/1.1 (+https://developers.facebook.com/docs/sharing/webmasters/crawler)" 84 **0/84973**
57.141.20.59 - - [12/May/2026:05:35:41 -0700] "GET /cruks-opzeggen/?path=/home HTTP/1.1" 403 60446 "-" "meta-externalagent/1.1 (+https://developers.facebook.com/docs/sharing/webmasters/crawler)" 72 **0/72428**
57.141.20.38 - - [12/May/2026:05:35:42 -0700] "GET /wp-json/wp/v2/posts/54503?fileloc=/home/j2d7uhbqfejh/public_html/zorgosso.nl/readme.html&path=/home/j2d7uhbqfejh/public_html/zorgosso.nl HTTP/1.1" 403 60446 "-" "meta-externalagent/1.1 (+https://developers.facebook.com/docs/sharing/webmasters/crawler)" 106 **0/106894**
57.141.20.2 - - [12/May/2026:05:35:42 -0700] "GET /the-brand-new-payment-depends-on-the-newest-developers-laws-and-regulations-and-therefore-users-is-to-know-prior-to-the-first-share/ HTTP/1.1" 403 60446 "-" "meta-externalagent/1.1 (+https://developers.facebook.com/docs/sharing/webmasters/crawler)" 72 **0/72811**
57.141.20.53 - - [12/May/2026:05:35:42 -0700] "GET /cruks-opzeggen/?fileloc=/home/j2d7uhbqfejh/public_html/zorgosso.nl/wp-blog-header.php&path=/home/j2d7uhbqfejh/public_html/zorgosso.nl HTTP/1.1" 403 60446 "-" "meta-externalagent/1.1 (+https://developers.facebook.com/docs/sharing/webmasters/crawler)" 84 **0/84620**
57.141.20.1 - - [12/May/2026:05:35:42 -0700] "GET /nieuwe-slots-2026-geen-storting/?path=/home/j2d7uhbqfejh/public_html/zorgosso.nl/wp-admin HTTP/1.1" 403 60446 "-" "meta-externalagent/1.1 (+https://developers.facebook.com/docs/sharing/webmasters/crawler)" 72 **0/72131**
57.141.20.59 - - [12/May/2026:05:35:42 -0700] "GET /wp-json/wp/v2/posts/54503?fileloc=/home/j2d7uhbqfejh/public_html/zorgosso.nl/sitemap23.xml&path=/home/j2d7uhbqfejh/public_html/zorgosso.nl HTTP/1.1" 403 60446 "-" "meta-externalagent/1.1 (+https://developers.facebook.com/docs/sharing/webmasters/crawler)" 91 **0/91309**
57.141.20.20 - - [12/May/2026:05:35:42 -0700] "GET /nieuwe-slots-2026-geen-storting/?fileloc=/home/j2d7uhbqfejh/public_html/zorgosso.nl/wp-load.php&path=/home/j2d7uhbqfejh/public_html/zorgosso.nl HTTP/1.1" 403 60446 "-" "meta-externalagent/1.1 (+https://developers.facebook.com/docs/sharing/webmasters/crawler)" 74 **0/74246**
57.141.20.44 - - [12/May/2026:05:35:43 -0700] "GET /cruks-opzeggen/?fileloc=/home/j2d7uhbqfejh/public_html/zorgosso.nl/wp-links-opml.php&path=/home/j2d7uhbqfejh/public_html/zorgosso.nl HTTP/1.1" 403 60446 "-" "meta-externalagent/1.1 (+https://developers.facebook.com/docs/sharing/webmasters/crawler)" 79 **0/79240**
57.141.20.8 - - [12/May/2026:05:35:44 -0700] "GET /wp-json/oembed/1.0/embed?fileloc=/home/j2d7uhbqfejh/public_html/404.shtml&path=/home/j2d7uhbqfejh/public_html HTTP/1.1" 403 60446 "-" "meta-externalagent/1.1 (+https://developers.facebook.com/docs/sharing/webmasters/crawler)" 78 **0/78152**
57.141.20.13 - - [12/May/2026:05:35:44 -0700] "GET /cruks-opzeggen/?fileloc=/home/j2d7uhbqfejh/public_html/zorgosso.nl/sitemap23.xml&path=/home/j2d7uhbqfejh/public_html/zorgosso.nl HTTP/1.1" 403 60446 "-" "meta-externalagent/1.1 (+https://developers.facebook.com/docs/sharing/webmasters/crawler)" 77 **0/77645**
57.141.20.17 - - [12/May/2026:05:35:45 -0700] "GET /wp-json/wp/v2/posts/54503?fileloc=/home/j2d7uhbqfejh/public_html/zorgosso.nl/wp-settings.php&path=/home/j2d7uhbqfejh/public_html/zorgosso.nl HTTP/1.1" 403 60446 "-" "meta-externalagent/1.1 (+https://developers.facebook.com/docs/sharing/webmasters/crawler)" 80 **0/80636**
57.141.20.12 - - [12/May/2026:05:35:45 -0700] "GET /wp-json/oembed/1.0/embed?path=/home/j2d7uhbqfejh/public_html/.well-known HTTP/1.1" 403 60446 "-" "meta-externalagent/1.1 (+https://developers.facebook.com/docs/sharing/webmasters/crawler)" 84 **0/84414**
57.141.20.44 - - [12/May/2026:05:35:45 -0700] "GET /cruks-opzeggen/?fileloc=/home/j2d7uhbqfejh/public_html/zorgosso.nl/wp-mail.php&path=/home/j2d7uhbqfejh/public_html/zorgosso.nl HTTP/1.1" 403 60446 "-" "meta-externalagent/1.1 (+https://developers.facebook.com/docs/sharing/webmasters/crawler)" 75 **0/75454**
57.141.20.51 - - [12/May/2026:05:35:45 -0700] "GET /wp-json/oembed/1.0/embed?fileloc=/home/j2d7uhbqfejh/public_html/home.html&path=/home/j2d7uhbqfejh/public_html HTTP/1.1" 403 60446 "-" "meta-externalagent/1.1 (+https://developers.facebook.com/docs/sharing/webmasters/crawler)" 102 **0/102521**
57.141.20.9 - - [12/May/2026:05:35:45 -0700] "GET /wp-json/oembed/1.0/embed?path=/home/j2d7uhbqfejh/public_html/cgi-bin HTTP/1.1" 403 60446 "-" "meta-externalagent/1.1 (+https://developers.facebook.com/docs/sharing/webmasters/crawler)" 71 **0/71346**
57.141.20.26 - - [12/May/2026:05:35:46 -0700] "GET /cruks-opzeggen/?path=/home/j2d7uhbqfejh/public_html/zorgosso.nl/wp-admin HTTP/1.1" 403 60446 "-" "meta-externalagent/1.1 (+https://developers.facebook.com/docs/sharing/webmasters/crawler)" 63 **0/63989**
57.141.20.62 - - [12/May/2026:05:35:46 -0700] "GET /cruks-opzeggen/?fileloc=/home/j2d7uhbqfejh/public_html/zorgosso.nl/.htaccess&path=/home/j2d7uhbqfejh/public_html/zorgosso.nl HTTP/1.1" 403 60446 "-" "meta-externalagent/1.1 (+https://developers.facebook.com/docs/sharing/webmasters/crawler)" 66 **0/66282**
57.141.20.62 - - [12/May/2026:05:35:46 -0700] "GET /nieuwe-slots-2026-geen-storting/?fileloc=/home/j2d7uhbqfejh/public_html/zorgosso.nl/wp-confih.php&path=/home/j2d7uhbqfejh/public_html/zorgosso.nl HTTP/1.1" 403 60446 "-" "meta-externalagent/1.1 (+https://developers.facebook.com/docs/sharing/webmasters/crawler)" 75 **0/75147**
57.141.20.30 - - [12/May/2026:05:35:47 -0700] "GET /cruks-opzeggen/?path=/home/j2d7uhbqfejh HTTP/1.1" 403 60446 "-" "meta-externalagent/1.1 (+https://developers.facebook.com/docs/sharing/webmasters/crawler)" 64 **0/64501**
57.141.20.31 - - [12/May/2026:05:35:47 -0700] "GET /wp-json/oembed/1.0/embed?path=/home/j2d7uhbqfejh/public_html/gowtu-transport.nl HTTP/1.1" 403 60446 "-" "meta-externalagent/1.1 (+https://developers.facebook.com/docs/sharing/webmasters/crawler)" 70 **0/70670**
57.141.20.42 - - [12/May/2026:05:35:47 -0700] "GET /cruks-opzeggen/?fileloc=/home/j2d7uhbqfejh/public_html/zorgosso.nl/readme.html&path=/home/j2d7uhbqfejh/public_html/zorgosso.nl HTTP/1.1" 403 60446 "-" "meta-externalagent/1.1 (+https://developers.facebook.com/docs/sharing/webmasters/crawler)" 73 **0/73011**
57.141.20.66 - - [12/May/2026:05:35:48 -0700] "GET /nieuwe-slots-2026-geen-storting/?fileloc=/home/j2d7uhbqfejh/public_html/zorgosso.nl/wp-blog-header.php&path=/home/j2d7uhbqfejh/public_html/zorgosso.nl HTTP/1.1" 403 60446 "-" "meta-externalagent/1.1 (+https://developers.facebook.com/docs/sharing/webmasters/crawler)" 80 **0/80473**
57.141.20.65 - - [12/May/2026:05:35:49 -0700] "GET /cruks-opzeggen/?path=/home/j2d7uhbqfejh/public_html/zorgosso.nl/wp-content HTTP/1.1" 403 60446 "-" "meta-externalagent/1.1 (+https://developers.facebook.com/docs/sharing/webmasters/crawler)" 75 **0/75389**
57.141.20.43 - - [12/May/2026:05:35:49 -0700] "GET /cruks-opzeggen/?path=/home/j2d7uhbqfejh/public_html HTTP/1.1" 403 60446 "-" "meta-externalagent/1.1 (+https://developers.facebook.com/docs/sharing/webmasters/crawler)" 89 **0/89865**
57.141.20.39 - - [12/May/2026:05:35:49 -0700] "GET /cruks-opzeggen/?fileloc=/home/j2d7uhbqfejh/public_html/zorgosso.nl/wp-activate.php&path=/home/j2d7uhbqfejh/public_html/zorgosso.nl HTTP/1.1" 403 60446 "-" "meta-externalagent/1.1 (+https://developers.facebook.com/docs/sharing/webmasters/crawler)" 71 **0/71647**
57.141.20.65 - - [12/May/2026:05:35:49 -0700] "GET /cruks-opzeggen/?fileloc=/home/j2d7uhbqfejh/public_html/zorgosso.nl/error_log&path=/home/j2d7uhbqfejh/public_html/zorgosso.nl HTTP/1.1" 403 60446 "-" "meta-externalagent/1.1 (+https://developers.facebook.com/docs/sharing/webmasters/crawler)" 76 **0/76318**
57.141.20.3 - - [12/May/2026:05:35:50 -0700] "GET /cruks-opzeggen/?path=/home/j2d7uhbqfejh/public_html/zorgosso.nl/cgi-bin HTTP/1.1" 403 60446 "-" "meta-externalagent/1.1 (+https://developers.facebook.com/docs/sharing/webmasters/crawler)" 70 **0/70067**
57.141.20.18 - - [12/May/2026:05:35:50 -0700] "GET /nieuwe-slots-2026-geen-storting/?fileloc=/home/j2d7uhbqfejh/public_html/zorgosso.nl/wp-activate.php&path=/home/j2d7uhbqfejh/public_html/zorgosso.nl HTTP/1.1" 403 60446 "-" "meta-externalagent/1.1 (+https://developers.facebook.com/docs/sharing/webmasters/crawler)" 68 **0/68827**
57.141.20.35 - - [12/May/2026:05:35:50 -0700] "GET /cruks-opzeggen/?fileloc=/home/j2d7uhbqfejh/public_html/zorgosso.nl/wp-load.php&path=/home/j2d7uhbqfejh/public_html/zorgosso.nl HTTP/1.1" 403 60446 "-" "meta-externalagent/1.1 (+https://developers.facebook.com/docs/sharing/webmasters/crawler)" 69 **0/69392**
57.141.20.67 - - [12/May/2026:05:35:50 -0700] "GET /nieuwe-slots-2026-geen-storting/?path=/home/j2d7uhbqfejh/public_html/zorgosso.nl/wp-content HTTP/1.1" 403 60446 "-" "meta-externalagent/1.1 (+https://developers.facebook.com/docs/sharing/webmasters/crawler)" 73 **0/73148**
57.141.20.52 - - [12/May/2026:05:35:51 -0700] "GET /nieuwe-slots-2026-geen-storting/?fileloc=/home/j2d7uhbqfejh/public_html/zorgosso.nl/wp-signup.php&path=/home/j2d7uhbqfejh/public_html/zorgosso.nl HTTP/1.1" 403 60446 "-" "meta-externalagent/1.1 (+https://developers.facebook.com/docs/sharing/webmasters/crawler)" 130 **0/130505**
57.141.20.58 - - [12/May/2026:05:35:51 -0700] "GET /nieuwe-slots-2026-geen-storting/?path=/ HTTP/1.1" 403 60446 "-" "meta-externalagent/1.1 (+https://developers.facebook.com/docs/sharing/webmasters/crawler)" 119 **0/119603**
57.141.20.57 - - [12/May/2026:05:35:51 -0700] "GET /cruks-opzeggen/?path=/home/j2d7uhbqfejh/public_html/zorgosso.nl HTTP/1.1" 403 60446 "-" "meta-externalagent/1.1 (+https://developers.facebook.com/docs/sharing/webmasters/crawler)" 170 **0/170324**
57.141.20.25 - - [12/May/2026:05:35:52 -0700] "GET /cruks-opzeggen/?path=/ HTTP/1.1" 403 60446 "-" "meta-externalagent/1.1 (+https://developers.facebook.com/docs/sharing/webmasters/crawler)" 90 **0/90536**
57.141.20.68 - - [12/May/2026:05:35:52 -0700] "GET /cruks-opzeggen/?fileloc=/home/j2d7uhbqfejh/public_html/zorgosso.nl/wp-config-sample.php&path=/home/j2d7uhbqfejh/public_html/zorgosso.nl HTTP/1.1" 403 60446 "-" "meta-externalagent/1.1 (+https://developers.facebook.com/docs/sharing/webmasters/crawler)" 111 **0/111421**
57.141.20.43 - - [12/May/2026:05:35:53 -0700] "GET /nieuwe-slots-2026-geen-storting/?fileloc=/home/j2d7uhbqfejh/public_html/zorgosso.nl/wp-trackback.php&path=/home/j2d7uhbqfejh/public_html/zorgosso.nl HTTP/1.1" 403 60446 "-" "meta-externalagent/1.1 (+https://developers.facebook.com/docs/sharing/webmasters/crawler)" 78 **0/78303**
57.141.20.65 - - [12/May/2026:05:35:53 -0700] "GET /cruks-opzeggen/?fileloc=/home/j2d7uhbqfejh/public_html/zorgosso.nl/wp-signup.php&path=/home/j2d7uhbqfejh/public_html/zorgosso.nl HTTP/1.1" 403 60446 "-" "meta-externalagent/1.1 (+https://developers.facebook.com/docs/sharing/webmasters/crawler)" 81 **0/81874**
57.141.20.66 - - [12/May/2026:05:35:54 -0700] "GET /cruks-opzeggen/?fileloc=/home/j2d7uhbqfejh/public_html/zorgosso.nl/wp-login.php&path=/home/j2d7uhbqfejh/public_html/zorgosso.nl HTTP/1.1" 403 60446 "-" "meta-externalagent/1.1 (+https://developers.facebook.com/docs/sharing/webmasters/crawler)" 69 **0/69435**
57.141.20.30 - - [12/May/2026:05:35:54 -0700] "GET /cruks-opzeggen/?path=/home/j2d7uhbqfejh/public_html/zorgosso.nl/wp-includes HTTP/1.1" 403 60446 "-" "meta-externalagent/1.1 (+https://developers.facebook.com/docs/sharing/webmasters/crawler)" 73 **0/73033**
57.141.20.55 - - [12/May/2026:05:35:54 -0700] "GET /nieuwe-slots-2026-geen-storting/?fileloc=/home/j2d7uhbqfejh/public_html/zorgosso.nl/.htaccess&path=/home/j2d7uhbqfejh/public_html/zorgosso.nl HTTP/1.1" 403 60446 "-" "meta-externalagent/1.1 (+https://developers.facebook.com/docs/sharing/webmasters/crawler)" 68 **0/68159**
57.141.20.30 - - [12/May/2026:05:35:55 -0700] "GET /cruks-opzeggen/?fileloc=/home/j2d7uhbqfejh/public_html/zorgosso.nl/googledd2121e9145a3ee2.html&path=/home/j2d7uhbqfejh/public_html/zorgosso.nl HTTP/1.1" 403 60446 "-" "meta-externalagent/1.1 (+https://developers.facebook.com/docs/sharing/webmasters/crawler)" 69 **0/69373**
57.141.20.21 - - [12/May/2026:05:35:55 -0700] "GET /nieuwe-slots-2026-geen-storting/?fileloc=/home/j2d7uhbqfejh/public_html/zorgosso.nl/wp-config-sample.php&path=/home/j2d7uhbqfejh/public_html/zorgosso.nl HTTP/1.1" 403 60446 "-" "meta-externalagent/1.1 (+https://developers.facebook.com/docs/sharing/webmasters/crawler)" 67 **0/67184**
57.141.20.59 - - [12/May/2026:05:35:55 -0700] "GET /nieuwe-slots-2026-geen-storting/?fileloc=/home/j2d7uhbqfejh/public_html/zorgosso.nl/wp-cron.php&path=/home/j2d7uhbqfejh/public_html/zorgosso.nl HTTP/1.1" 403 60446 "-" "meta-externalagent/1.1 (+https://developers.facebook.com/docs/sharing/webmasters/crawler)" 79 **0/79758**
57.141.20.57 - - [12/May/2026:05:35:55 -0700] "GET /nieuwe-slots-2026-geen-storting/?path=/home/j2d7uhbqfejh/public_html/zorgosso.nl/wp-includes HTTP/1.1" 403 60446 "-" "meta-externalagent/1.1 (+https://developers.facebook.com/docs/sharing/webmasters/crawler)" 73 **0/73511**
57.141.20.69 - - [12/May/2026:05:35:56 -0700] "GET /nieuwe-slots-2026-geen-storting/?fileloc=/home/j2d7uhbqfejh/public_html/zorgosso.nl/wp-login.php&path=/home/j2d7uhbqfejh/public_html/zorgosso.nl HTTP/1.1" 403 60446 "-" "meta-externalagent/1.1 (+https://developers.facebook.com/docs/sharing/webmasters/crawler)" 124 **0/124641**
57.141.20.10 - - [12/May/2026:05:35:56 -0700] "GET /nieuwe-slots-2026-geen-storting/?fileloc=/home/j2d7uhbqfejh/public_html/zorgosso.nl/robots.txt&path=/home/j2d7uhbqfejh/public_html/zorgosso.nl HTTP/1.1" 403 60446 "-" "meta-externalagent/1.1 (+https://developers.facebook.com/docs/sharing/webmasters/crawler)" 74 **0/74998**
57.141.20.9 - - [12/May/2026:05:35:56 -0700] "GET /nieuwe-slots-2026-geen-storting/?fileloc=/home/j2d7uhbqfejh/public_html/zorgosso.nl/wp-settings.php&path=/home/j2d7uhbqfejh/public_html/zorgosso.nl HTTP/1.1" 403 60446 "-" "meta-externalagent/1.1 (+https://developers.facebook.com/docs/sharing/webmasters/crawler)" 74 **0/74624**
57.141.20.67 - - [12/May/2026:05:35:56 -0700] "GET /cruks-opzeggen/?fileloc=/home/j2d7uhbqfejh/public_html/zorgosso.nl/xmlrpc.php&path=/home/j2d7uhbqfejh/public_html/zorgosso.nl HTTP/1.1" 403 60446 "-" "meta-externalagent/1.1 (+https://developers.facebook.com/docs/sharing/webmasters/crawler)" 83 **0/83230**
57.141.20.62 - - [12/May/2026:05:35:57 -0700] "GET /nieuwe-slots-2026-geen-storting/?fileloc=/home/j2d7uhbqfejh/public_html/zorgosso.nl/readme.html&path=/home/j2d7uhbqfejh/public_html/zorgosso.nl HTTP/1.1" 403 60446 "-" "meta-externalagent/1.1 (+https://developers.facebook.com/docs/sharing/webmasters/crawler)" 85 **0/85968**
57.141.20.35 - - [12/May/2026:05:35:58 -0700] "GET /cruks-opzeggen/?fileloc=/home/j2d7uhbqfejh/public_html/zorgosso.nl/wp-settings.php&path=/home/j2d7uhbqfejh/public_html/zorgosso.nl HTTP/1.1" 403 60446 "-" "meta-externalagent/1.1 (+https://developers.facebook.com/docs/sharing/webmasters/crawler)" 106 **0/106002**
57.141.20.3 - - [12/May/2026:05:35:58 -0700] "GET /shchedrye-bonusy-na-ofitsialnom-saite-pinap-dlia-liubimykh-zakhvatyvaiushchikh-igr-6/ HTTP/1.1" 403 60446 "-" "meta-externalagent/1.1 (+https://developers.facebook.com/docs/sharing/webmasters/crawler)" 116 **0/116668**
57.141.20.30 - - [12/May/2026:05:35:58 -0700] "GET /nieuwe-slots-2026-geen-storting/?path=/home/j2d7uhbqfejh/public_html/zorgosso.nl/.well-known HTTP/1.1" 403 60446 "-" "meta-externalagent/1.1 (+https://developers.facebook.com/docs/sharing/webmasters/crawler)" 90 **0/90622**
57.141.20.32 - - [12/May/2026:05:35:59 -0700] "GET /cruks-opzeggen/?fileloc=/home/j2d7uhbqfejh/public_html/zorgosso.nl/index.php&path=/home/j2d7uhbqfejh/public_html/zorgosso.nl HTTP/1.1" 403 60446 "-" "meta-externalagent/1.1 (+https://developers.facebook.com/docs/sharing/webmasters/crawler)" 120 **0/120532**
57.141.20.25 - - [12/May/2026:05:35:59 -0700] "GET /cruks-opzeggen/?path=/home/j2d7uhbqfejh/public_html/zorgosso.nl/.tmb HTTP/1.1" 403 60446 "-" "meta-externalagent/1.1 (+https://developers.facebook.com/docs/sharing/webmasters/crawler)" 75 **0/75420**
57.141.20.2 - - [12/May/2026:05:35:59 -0700] "GET /cruks-opzeggen/?fileloc=/home/j2d7uhbqfejh/public_html/zorgosso.nl/sitemap26.xml&path=/home/j2d7uhbqfejh/public_html/zorgosso.nl HTTP/1.1" 403 60446 "-" "meta-externalagent/1.1 (+https://developers.facebook.com/docs/sharing/webmasters/crawler)" 87 **0/87128**
57.141.20.27 - - [12/May/2026:05:36:00 -0700] "GET /nieuwe-slots-2026-geen-storting/?fileloc=/home/j2d7uhbqfejh/public_html/zorgosso.nl/wp-mail.php&path=/home/j2d7uhbqfejh/public_html/zorgosso.nl HTTP/1.1" 403 60446 "-" "meta-externalagent/1.1 (+https://developers.facebook.com/docs/sharing/webmasters/crawler)" 78 **0/78402**
57.141.20.45 - - [12/May/2026:05:36:00 -0700] "GET /cruks-opzeggen/?path=/home/j2d7uhbqfejh/public_html/zorgosso.nl/.well-known HTTP/1.1" 403 60446 "-" "meta-externalagent/1.1 (+https://developers.facebook.com/docs/sharing/webmasters/crawler)" 79 **0/79204**
57.141.20.7 - - [12/May/2026:05:36:00 -0700] "GET /nieuwe-slots-2026-geen-storting/?fileloc=/home/j2d7uhbqfejh/public_html/zorgosso.nl/wp-links-opml.php&path=/home/j2d7uhbqfejh/public_html/zorgosso.nl HTTP/1.1" 403 60446 "-" "meta-externalagent/1.1 (+https://developers.facebook.com/docs/sharing/webmasters/crawler)" 77 **0/77856**
57.141.20.31 - - [12/May/2026:05:36:01 -0700] "GET /nieuwe-slots-2026-geen-storting/?fileloc=/home/j2d7uhbqfejh/public_html/zorgosso.nl/wp-config.php&path=/home/j2d7uhbqfejh/public_html/zorgosso.nl HTTP/1.1" 403 60446 "-" "meta-externalagent/1.1 (+https://developers.facebook.com/docs/sharing/webmasters/crawler)" 64 **0/64097**
57.141.20.12 - - [12/May/2026:05:36:01 -0700] "GET /wp-json/oembed/1.0/embed?fileloc=/home/j2d7uhbqfejh/public_html/layout-styles.css&path=/home/j2d7uhbqfejh/public_html HTTP/1.1" 403 60446 "-" "meta-externalagent/1.1 (+https://developers.facebook.com/docs/sharing/webmasters/crawler)" 101 **0/101945**
57.141.20.52 - - [12/May/2026:05:36:02 -0700] "GET /cruks-opzeggen/?fileloc=/home/j2d7uhbqfejh/public_html/zorgosso.nl/wp-comments-post.php&path=/home/j2d7uhbqfejh/public_html/zorgosso.nl HTTP/1.1" 403 60446 "-" "meta-externalagent/1.1 (+https://developers.facebook.com/docs/sharing/webmasters/crawler)" 125 **0/125901**
57.141.20.1 - - [12/May/2026:05:36:02 -0700] "GET /nieuwe-slots-2026-geen-storting/?fileloc=/home/j2d7uhbqfejh/public_html/zorgosso.nl/xmlrpc.php&path=/home/j2d7uhbqfejh/public_html/zorgosso.nl HTTP/1.1" 403 60446 "-" "meta-externalagent/1.1 (+https://developers.facebook.com/docs/sharing/webmasters/crawler)" 134 **0/134324**
57.141.20.62 - - [12/May/2026:05:36:02 -0700] "GET /nieuwe-slots-2026-geen-storting/?path=/home/j2d7uhbqfejh HTTP/1.1" 403 60446 "-" "meta-externalagent/1.1 (+https://developers.facebook.com/docs/sharing/webmasters/crawler)" 142 **0/142778**
57.141.20.18 - - [12/May/2026:05:36:02 -0700] "GET /cruks-opzeggen/?fileloc=/home/j2d7uhbqfejh/public_html/zorgosso.nl/wp-config.php&path=/home/j2d7uhbqfejh/public_html/zorgosso.nl HTTP/1.1" 403 60446 "-" "meta-externalagent/1.1 (+https://developers.facebook.com/docs/sharing/webmasters/crawler)" 126 **0/126014**
57.141.20.20 - - [12/May/2026:05:36:02 -0700] "GET /cruks-opzeggen/?fileloc=/home/j2d7uhbqfejh/public_html/zorgosso.nl/wp-trackback.php&path=/home/j2d7uhbqfejh/public_html/zorgosso.nl HTTP/1.1" 403 60446 "-" "meta-externalagent/1.1 (+https://developers.facebook.com/docs/sharing/webmasters/crawler)" 87 **0/87038**
57.141.20.69 - - [12/May/2026:05:36:03 -0700] "GET /cruks-opzeggen/?fileloc=/home/j2d7uhbqfejh/public_html/zorgosso.nl/wp-confih.php&path=/home/j2d7uhbqfejh/public_html/zorgosso.nl HTTP/1.1" 403 60446 "-" "meta-externalagent/1.1 (+https://developers.facebook.com/docs/sharing/webmasters/crawler)" 100 **0/100750**
57.141.20.62 - - [12/May/2026:05:36:03 -0700] "GET /wp-json/oembed/1.0/embed?path=/home/j2d7uhbqfejh/public_html/stichtingsalvator.nl HTTP/1.1" 403 60446 "-" "meta-externalagent/1.1 (+https://developers.facebook.com/docs/sharing/webmasters/crawler)" 115 **0/115743**
57.141.20.58 - - [12/May/2026:05:36:03 -0700] "GET /cruks-opzeggen/?fileloc=/home/j2d7uhbqfejh/public_html/zorgosso.nl/wp-cron.php&path=/home/j2d7uhbqfejh/public_html/zorgosso.nl HTTP/1.1" 403 60446 "-" "meta-externalagent/1.1 (+https://developers.facebook.com/docs/sharing/webmasters/crawler)" 93 **0/93451**
57.141.20.39 - - [12/May/2026:05:36:04 -0700] "GET /nieuwe-slots-2026-geen-storting/?path=/home HTTP/1.1" 403 60446 "-" "meta-externalagent/1.1 (+https://developers.facebook.com/docs/sharing/webmasters/crawler)" 84 **0/84120**
57.141.20.60 - - [12/May/2026:05:36:04 -0700] "GET /nieuwe-slots-2026-geen-storting/?fileloc=/home/j2d7uhbqfejh/public_html/zorgosso.nl/wp-comments-post.php&path=/home/j2d7uhbqfejh/public_html/zorgosso.nl HTTP/1.1" 403 60446 "-" "meta-externalagent/1.1 (+https://developers.facebook.com/docs/sharing/webmasters/crawler)" 85 **0/85512**
57.141.20.35 - - [12/May/2026:05:36:05 -0700] "GET /nieuwe-slots-2026-geen-storting/?fileloc=/home/j2d7uhbqfejh/public_html/zorgosso.nl/sitemap26.xml&path=/home/j2d7uhbqfejh/public_html/zorgosso.nl HTTP/1.1" 403 60446 "-" "meta-externalagent/1.1 (+https://developers.facebook.com/docs/sharing/webmasters/crawler)" 81 **0/81105**
57.141.20.6 - - [12/May/2026:05:36:05 -0700] "GET /cruks-opzeggen/?fileloc=/home/j2d7uhbqfejh/public_html/zorgosso.nl/robots.txt&path=/home/j2d7uhbqfejh/public_html/zorgosso.nl HTTP/1.1" 403 60446 "-" "meta-externalagent/1.1 (+https://developers.facebook.com/docs/sharing/webmasters/crawler)" 101 **0/101393**
57.141.20.51 - - [12/May/2026:05:36:06 -0700] "GET /nieuwe-slots-2026-geen-storting/?fileloc=/home/j2d7uhbqfejh/public_html/zorgosso.nl/error_log&path=/home/j2d7uhbqfejh/public_html/zorgosso.nl HTTP/1.1" 403 60446 "-" "meta-externalagent/1.1 (+https://developers.facebook.com/docs/sharing/webmasters/crawler)" 94 **0/94509**
57.141.20.62 - - [12/May/2026:05:36:06 -0700] "GET /nieuwe-slots-2026-geen-storting/?path=/home/j2d7uhbqfejh/public_html/zorgosso.nl/cgi-bin HTTP/1.1" 403 60446 "-" "meta-externalagent/1.1 (+https://developers.facebook.com/docs/sharing/webmasters/crawler)" 76 **0/76079**
57.141.20.38 - - [12/May/2026:05:36:06 -0700] "GET /nieuwe-slots-2026-geen-storting/?fileloc=/home/j2d7uhbqfejh/public_html/zorgosso.nl/sitemap23.xml&path=/home/j2d7uhbqfejh/public_html/zorgosso.nl HTTP/1.1" 403 60446 "-" "meta-externalagent/1.1 (+https://developers.facebook.com/docs/sharing/webmasters/crawler)" 82 **0/82957**
57.141.20.38 - - [12/May/2026:05:36:06 -0700] "GET /nieuwe-slots-2026-geen-storting/?fileloc=/home/j2d7uhbqfejh/public_html/zorgosso.nl/license.txt&path=/home/j2d7uhbqfejh/public_html/zorgosso.nl HTTP/1.1" 403 60446 "-" "meta-externalagent/1.1 (+https://developers.facebook.com/docs/sharing/webmasters/crawler)" 90 **0/90779**
57.141.20.57 - - [12/May/2026:05:36:07 -0700] "GET /nieuwe-slots-2026-geen-storting/?path=/home/j2d7uhbqfejh/public_html HTTP/1.1" 403 60446 "-" "meta-externalagent/1.1 (+https://developers.facebook.com/docs/sharing/webmasters/crawler)" 60 **0/60365**
57.141.20.68 - - [12/May/2026:05:36:07 -0700] "GET /nieuwe-slots-2026-geen-storting/?path=/home/j2d7uhbqfejh/public_html/zorgosso.nl HTTP/1.1" 403 60446 "-" "meta-externalagent/1.1 (+https://developers.facebook.com/docs/sharing/webmasters/crawler)" 77 **0/77940**
57.141.20.32 - - [12/May/2026:05:36:07 -0700] "GET /nieuwe-slots-2026-geen-storting/?path=/home/j2d7uhbqfejh/public_html/zorgosso.nl/.tmb HTTP/1.1" 403 60446 "-" "meta-externalagent/1.1 (+https://developers.facebook.com/docs/sharing/webmasters/crawler)" 70 **0/70301**
57.141.20.32 - - [12/May/2026:05:36:08 -0700] "GET /nieuwe-slots-2026-geen-storting/?fileloc=/home/j2d7uhbqfejh/public_html/zorgosso.nl/googlea2ad7cabd2fe2284.html&path=/home/j2d7uhbqfejh/public_html/zorgosso.nl HTTP/1.1" 403 60446 "-" "meta-externalagent/1.1 (+https://developers.facebook.com/docs/sharing/webmasters/crawler)" 88 **0/88736**
57.141.20.53 - - [12/May/2026:05:36:08 -0700] "GET /wp-json/wp/v2/posts/54503?path=/home/j2d7uhbqfejh/public_html/zorgosso.nl/cgi-bin HTTP/1.1" 403 60446 "-" "meta-externalagent/1.1 (+https://developers.facebook.com/docs/sharing/webmasters/crawler)" 97 **0/97327**
57.141.20.16 - - [12/May/2026:05:36:08 -0700] "GET /nieuwe-slots-2026-geen-storting/?fileloc=/home/j2d7uhbqfejh/public_html/zorgosso.nl/index.php&path=/home/j2d7uhbqfejh/public_html/zorgosso.nl HTTP/1.1" 403 60446 "-" "meta-externalagent/1.1 (+https://developers.facebook.com/docs/sharing/webmasters/crawler)" 85 **0/85455**
57.141.20.5 - - [12/May/2026:05:36:09 -0700] "GET /cruks-opzeggen/?fileloc=/home/j2d7uhbqfejh/public_html/zorgosso.nl/license.txt&path=/home/j2d7uhbqfejh/public_html/zorgosso.nl HTTP/1.1" 403 60446 "-" "meta-externalagent/1.1 (+https://developers.facebook.com/docs/sharing/webmasters/crawler)" 65 **0/65495**
57.141.20.17 - - [12/May/2026:05:36:09 -0700] "GET /cruks-opzeggen/?fileloc=/home/j2d7uhbqfejh/public_html/zorgosso.nl/googlea2ad7cabd2fe2284.html&path=/home/j2d7uhbqfejh/public_html/zorgosso.nl HTTP/1.1" 403 60446 "-" "meta-externalagent/1.1 (+https://developers.facebook.com/docs/sharing/webmasters/crawler)" 69 **0/69272**
57.141.20.17 - - [12/May/2026:05:36:09 -0700] "GET /echt-geld-casinos/?fileloc=/home/j2d7uhbqfejh/public_html/zorgosso.nl/wp-config-sample.php&path=/home/j2d7uhbqfejh/public_html/zorgosso.nl HTTP/1.1" 403 60446 "-" "meta-externalagent/1.1 (+https://developers.facebook.com/docs/sharing/webmasters/crawler)" 66 **0/66259**
57.141.20.5 - - [12/May/2026:05:36:10 -0700] "GET /finest-harbors-playing-on-the-internet-the-real-deal-currency-ranked-march-2026/feed/?fileloc=/home/j2d7uhbqfejh/public_html/zorgosso.nl/wp-cron.php&path=/home/j2d7uhbqfejh/public_html/zorgosso.nl HTTP/1.1" 403 60446 "-" "meta-externalagent/1.1 (+https://developers.facebook.com/docs/sharing/webmasters/crawler)" 82 **0/82352**
57.141.20.68 - - [12/May/2026:05:36:10 -0700] "GET /wp-json/wp/v2/posts/54501?path=/home/j2d7uhbqfejh HTTP/1.1" 403 60446 "-" "meta-externalagent/1.1 (+https://developers.facebook.com/docs/sharing/webmasters/crawler)" 68 **0/68505**
57.141.20.30 - - [12/May/2026:05:36:11 -0700] "GET /wp-json/wp/v2/posts/54503?fileloc=/home/j2d7uhbqfejh/public_html/zorgosso.nl/wp-admin/profile.php&path=/home/j2d7uhbqfejh/public_html/zorgosso.nl/wp-admin HTTP/1.1" 403 60446 "-" "meta-externalagent/1.1 (+https://developers.facebook.com/docs/sharing/webmasters/crawler)" 74 **0/74310**
57.141.20.9 - - [12/May/2026:05:36:11 -0700] "GET /wp-json/wp/v2/posts/54503?fileloc=/home/j2d7uhbqfejh/public_html/zorgosso.nl/wp-admin/user-new.php&path=/home/j2d7uhbqfejh/public_html/zorgosso.nl/wp-admin HTTP/1.1" 403 60446 "-" "meta-externalagent/1.1 (+https://developers.facebook.com/docs/sharing/webmasters/crawler)" 73 **0/73848**
57.141.20.4 - - [12/May/2026:05:36:11 -0700] "GET /wp-json/wp/v2/posts/54503?fileloc=/home/j2d7uhbqfejh/public_html/zorgosso.nl/wp-admin/upgrade.php&path=/home/j2d7uhbqfejh/public_html/zorgosso.nl/wp-admin HTTP/1.1" 403 60446 "-" "meta-externalagent/1.1 (+https://developers.facebook.com/docs/sharing/webmasters/crawler)" 101 **0/101097**
57.141.20.5 - - [12/May/2026:05:36:12 -0700] "GET /wp-json/wp/v2/posts/54503?fileloc=/home/j2d7uhbqfejh/public_html/zorgosso.nl/wp-admin/admin-functions.php&path=/home/j2d7uhbqfejh/public_html/zorgosso.nl/wp-admin HTTP/1.1" 403 60446 "-" "meta-externalagent/1.1 (+https://developers.facebook.com/docs/sharing/webmasters/crawler)" 79 **0/79451**
57.141.20.69 - - [12/May/2026:05:36:12 -0700] "GET /wp-json/wp/v2/posts/54503?fileloc=/home/j2d7uhbqfejh/public_html/zorgosso.nl/wp-admin/async-upload.php&path=/home/j2d7uhbqfejh/public_html/zorgosso.nl/wp-admin HTTP/1.1" 403 60446 "-" "meta-externalagent/1.1 (+https://developers.facebook.com/docs/sharing/webmasters/crawler)" 72 **0/72665**
57.141.20.17 - - [12/May/2026:05:36:12 -0700] "GET /wp-json/wp/v2/posts/54503?fileloc=/home/j2d7uhbqfejh/public_html/zorgosso.nl/wp-admin/widgets-form-blocks.php&path=/home/j2d7uhbqfejh/public_html/zorgosso.nl/wp-admin HTTP/1.1" 403 60446 "-" "meta-externalagent/1.1 (+https://developers.facebook.com/docs/sharing/webmasters/crawler)" 64 **0/64810**
57.141.20.56 - - [12/May/2026:05:36:13 -0700] "GET /wp-json/wp/v2/posts/54503?fileloc=/home/j2d7uhbqfejh/public_html/zorgosso.nl/wp-admin/options-media.php&path=/home/j2d7uhbqfejh/public_html/zorgosso.nl/wp-admin HTTP/1.1" 403 60446 "-" "meta-externalagent/1.1 (+https://developers.facebook.com/docs/sharing/webmasters/crawler)" 79 **0/79762**
57.141.20.29 - - [12/May/2026:05:36:13 -0700] "GET /wp-json/wp/v2/posts/54503?fileloc=/home/j2d7uhbqfejh/public_html/zorgosso.nl/wp-admin/export.php&path=/home/j2d7uhbqfejh/public_html/zorgosso.nl/wp-admin HTTP/1.1" 403 60446 "-" "meta-externalagent/1.1 (+https://developers.facebook.com/docs/sharing/webmasters/crawler)" 88 **0/88964**
57.141.20.26 - - [12/May/2026:05:36:13 -0700] "GET /wp-json/wp/v2/posts/54503?fileloc=/home/j2d7uhbqfejh/public_html/zorgosso.nl/wp-admin/install-helper.php&path=/home/j2d7uhbqfejh/public_html/zorgosso.nl/wp-admin HTTP/1.1" 403 60446 "-" "meta-externalagent/1.1 (+https://developers.facebook.com/docs/sharing/webmasters/crawler)" 84 **0/84335**
57.141.20.34 - - [12/May/2026:05:36:14 -0700] "GET /wp-json/wp/v2/posts/54503?fileloc=/home/j2d7uhbqfejh/public_html/zorgosso.nl/wp-admin/themes.php&path=/home/j2d7uhbqfejh/public_html/zorgosso.nl/wp-admin HTTP/1.1" 403 60446 "-" "meta-externalagent/1.1 (+https://developers.facebook.com/docs/sharing/webmasters/crawler)" 70 **0/70194**
57.141.20.60 - - [12/May/2026:05:36:14 -0700] "GET /wp-json/wp/v2/posts/54503?fileloc=/home/j2d7uhbqfejh/public_html/zorgosso.nl/wp-admin/widgets-form.php&path=/home/j2d7uhbqfejh/public_html/zorgosso.nl/wp-admin HTTP/1.1" 403 60446 "-" "meta-externalagent/1.1 (+https://developers.facebook.com/docs/sharing/webmasters/crawler)" 91 **0/91972**
57.141.20.29 - - [12/May/2026:05:36:14 -0700] "GET /wp-json/wp/v2/posts/54503?fileloc=/home/j2d7uhbqfejh/public_html/zorgosso.nl/wp-admin/import.php&path=/home/j2d7uhbqfejh/public_html/zorgosso.nl/wp-admin HTTP/1.1" 403 60446 "-" "meta-externalagent/1.1 (+https://developers.facebook.com/docs/sharing/webmasters/crawler)" 91 **0/91101**
57.141.20.27 - - [12/May/2026:05:36:15 -0700] "GET /wp-json/wp/v2/posts/54503?fileloc=/home/j2d7uhbqfejh/public_html/zorgosso.nl/wp-admin/options-discussion.php&path=/home/j2d7uhbqfejh/public_html/zorgosso.nl/wp-admin HTTP/1.1" 403 60446 "-" "meta-externalagent/1.1 (+https://developers.facebook.com/docs/sharing/webmasters/crawler)" 92 **0/92009**
57.141.20.67 - - [12/May/2026:05:36:15 -0700] "GET /wp-json/wp/v2/posts/54503?path=/home/j2d7uhbqfejh/public_html HTTP/1.1" 403 60446 "-" "meta-externalagent/1.1 (+https://developers.facebook.com/docs/sharing/webmasters/crawler)" 149 **0/149903**
57.141.20.47 - - [12/May/2026:05:36:16 -0700] "GET /wp-json/wp/v2/posts/54503?fileloc=/home/j2d7uhbqfejh/public_html/zorgosso.nl/wp-admin/about.php&path=/home/j2d7uhbqfejh/public_html/zorgosso.nl/wp-admin HTTP/1.1" 403 60446 "-" "meta-externalagent/1.1 (+https://developers.facebook.com/docs/sharing/webmasters/crawler)" 77 **0/77566**
57.141.20.62 - - [12/May/2026:05:36:16 -0700] "GET /wp-json/wp/v2/posts/54503?fileloc=/home/j2d7uhbqfejh/public_html/zorgosso.nl/wp-admin/user-edit.php&path=/home/j2d7uhbqfejh/public_html/zorgosso.nl/wp-admin HTTP/1.1" 403 60446 "-" "meta-externalagent/1.1 (+https://developers.facebook.com/docs/sharing/webmasters/crawler)" 79 **0/79772**
57.141.20.68 - - [12/May/2026:05:36:16 -0700] "GET /wp-json/wp/v2/posts/54503?fileloc=/home/j2d7uhbqfejh/public_html/zorgosso.nl/wp-admin/menu-header.php&path=/home/j2d7uhbqfejh/public_html/zorgosso.nl/wp-admin HTTP/1.1" 403 60446 "-" "meta-externalagent/1.1 (+https://developers.facebook.com/docs/sharing/webmasters/crawler)" 97 **0/97257**
57.141.20.65 - - [12/May/2026:05:36:16 -0700] "GET /wp-json/wp/v2/posts/54503?fileloc=/home/j2d7uhbqfejh/public_html/zorgosso.nl/wp-admin/admin-post.php&path=/home/j2d7uhbqfejh/public_html/zorgosso.nl/wp-admin HTTP/1.1" 403 60446 "-" "meta-externalagent/1.1 (+https://developers.facebook.com/docs/sharing/webmasters/crawler)" 88 **0/88302**
57.141.20.12 - - [12/May/2026:05:36:16 -0700] "GET /wp-json/wp/v2/posts/54503?fileloc=/home/j2d7uhbqfejh/public_html/zorgosso.nl/wp-admin/edit-tag-form.php&path=/home/j2d7uhbqfejh/public_html/zorgosso.nl/wp-admin HTTP/1.1" 403 60446 "-" "meta-externalagent/1.1 (+https://developers.facebook.com/docs/sharing/webmasters/crawler)" 91 **0/91477**
57.141.20.67 - - [12/May/2026:05:36:17 -0700] "GET /wp-json/wp/v2/posts/54503?fileloc=/home/j2d7uhbqfejh/public_html/zorgosso.nl/wp-admin/freedoms.php&path=/home/j2d7uhbqfejh/public_html/zorgosso.nl/wp-admin HTTP/1.1" 403 60446 "-" "meta-externalagent/1.1 (+https://developers.facebook.com/docs/sharing/webmasters/crawler)" 81 **0/81344**
57.141.20.38 - - [12/May/2026:05:36:18 -0700] "GET /wp-json/wp/v2/posts/54503?fileloc=/home/j2d7uhbqfejh/public_html/zorgosso.nl/wp-admin/link-statement.php&path=/home/j2d7uhbqfejh/public_html/zorgosso.nl/wp-admin HTTP/1.1" 403 60446 "-" "meta-externalagent/1.1 (+https://developers.facebook.com/docs/sharing/webmasters/crawler)" 113 **0/113915**
57.141.20.27 - - [12/May/2026:05:36:18 -0700] "GET /wp-json/wp/v2/posts/54503?fileloc=/home/j2d7uhbqfejh/public_html/zorgosso.nl/wp-admin/ms-delete-site.php&path=/home/j2d7uhbqfejh/public_html/zorgosso.nl/wp-admin HTTP/1.1" 403 60446 "-" "meta-externalagent/1.1 (+https://developers.facebook.com/docs/sharing/webmasters/crawler)" 150 **0/150642**
