66.249.72.5 - - [12/May/2026:14:42:13 -0700] "GET /?p=11361 HTTP/1.1" 301 - "-" "Mozilla/5.0 (Linux; Android 6.0.1; Nexus 5X Build/MMB29P) AppleWebKit/537.36 (KHTML, like Gecko) Chrome/147.0.7727.137 Mobile Safari/537.36 (compatible; Googlebot/2.1; +http://www.google.com/bot.html)" 3899 **3/3899041**
66.249.72.6 - - [12/May/2026:14:42:17 -0700] "GET /progressieve-jackpot-gokkasten-casino-nederland/ HTTP/1.1" 200 25245 "-" "Mozilla/5.0 (Linux; Android 6.0.1; Nexus 5X Build/MMB29P) AppleWebKit/537.36 (KHTML, like Gecko) Chrome/147.0.7727.137 Mobile Safari/537.36 (compatible; Googlebot/2.1; +http://www.google.com/bot.html)" 9065 **9/9065987**
66.249.76.195 - - [12/May/2026:14:43:10 -0700] "GET /?p=16567 HTTP/1.1" 301 - "-" "Mozilla/5.0 (Linux; Android 6.0.1; Nexus 5X Build/MMB29P) AppleWebKit/537.36 (KHTML, like Gecko) Chrome/147.0.7727.137 Mobile Safari/537.36 (compatible; Googlebot/2.1; +http://www.google.com/bot.html)" 3294 **3/3294906**
66.249.72.6 - - [12/May/2026:14:43:14 -0700] "GET /voor-gevorderden-online-casino/ HTTP/1.1" 200 25058 "-" "Mozilla/5.0 (Linux; Android 6.0.1; Nexus 5X Build/MMB29P) AppleWebKit/537.36 (KHTML, like Gecko) Chrome/147.0.7727.137 Mobile Safari/537.36 (compatible; Googlebot/2.1; +http://www.google.com/bot.html)" 9746 **9/9746318**
66.249.72.7 - - [12/May/2026:14:44:08 -0700] "GET /?p=12152 HTTP/1.1" 301 - "-" "Mozilla/5.0 (Linux; Android 6.0.1; Nexus 5X Build/MMB29P) AppleWebKit/537.36 (KHTML, like Gecko) Chrome/147.0.7727.137 Mobile Safari/537.36 (compatible; Googlebot/2.1; +http://www.google.com/bot.html)" 4719 **4/4719818**
66.249.72.5 - - [12/May/2026:14:44:14 -0700] "GET /hoogste-bonus-casino-nederland/ HTTP/1.1" 200 25280 "-" "Mozilla/5.0 (Linux; Android 6.0.1; Nexus 5X Build/MMB29P) AppleWebKit/537.36 (KHTML, like Gecko) Chrome/147.0.7727.137 Mobile Safari/537.36 (compatible; Googlebot/2.1; +http://www.google.com/bot.html)" 9652 **9/9652245**
57.141.20.57 - - [12/May/2026:14:44:30 -0700] "GET /blackjack-nijmegen/ HTTP/2.0" 200 102237 "-" "meta-externalagent/1.1 (+https://developers.facebook.com/docs/sharing/webmasters/crawler)" 9502 **9/9502668**
66.249.76.197 - - [12/May/2026:14:45:04 -0700] "GET /?p=13067 HTTP/1.1" 301 - "-" "Mozilla/5.0 (Linux; Android 6.0.1; Nexus 5X Build/MMB29P) AppleWebKit/537.36 (KHTML, like Gecko) Chrome/147.0.7727.137 Mobile Safari/537.36 (compatible; Googlebot/2.1; +http://www.google.com/bot.html)" 4670 **4/4670260**
66.249.76.195 - - [12/May/2026:14:45:06 -0700] "GET /?p=10688 HTTP/1.1" 301 - "-" "Mozilla/5.0 (Linux; Android 6.0.1; Nexus 5X Build/MMB29P) AppleWebKit/537.36 (KHTML, like Gecko) Chrome/147.0.7727.137 Mobile Safari/537.36 (compatible; Googlebot/2.1; +http://www.google.com/bot.html)" 6397 **6/6397130**
66.249.76.195 - - [12/May/2026:14:45:08 -0700] "GET /casino-bij-terneuzen/ HTTP/1.1" 200 25210 "-" "Mozilla/5.0 (Linux; Android 6.0.1; Nexus 5X Build/MMB29P) AppleWebKit/537.36 (KHTML, like Gecko) Chrome/147.0.7727.137 Mobile Safari/537.36 (compatible; Googlebot/2.1; +http://www.google.com/bot.html)" 13036 **13/13036539**
66.249.72.5 - - [12/May/2026:14:45:13 -0700] "GET /casino-temse/ HTTP/1.1" 200 25290 "-" "Mozilla/5.0 (Linux; Android 6.0.1; Nexus 5X Build/MMB29P) AppleWebKit/537.36 (KHTML, like Gecko) Chrome/147.0.7727.137 Mobile Safari/537.36 (compatible; Googlebot/2.1; +http://www.google.com/bot.html)" 11424 **11/11424997**
57.141.20.52 - - [12/May/2026:14:45:36 -0700] "GET /speelhal-bree/ HTTP/2.0" 200 102331 "-" "meta-externalagent/1.1 (+https://developers.facebook.com/docs/sharing/webmasters/crawler)" 11154 **11/11154044**
66.249.72.6 - - [12/May/2026:14:46:04 -0700] "GET /?p=15542 HTTP/1.1" 301 - "-" "Mozilla/5.0 (Linux; Android 6.0.1; Nexus 5X Build/MMB29P) AppleWebKit/537.36 (KHTML, like Gecko) Chrome/147.0.7727.137 Mobile Safari/537.36 (compatible; Googlebot/2.1; +http://www.google.com/bot.html)" 3448 **3/3448338**
66.249.76.196 - - [12/May/2026:14:46:07 -0700] "GET /gxmble-casino-bonuscode-en-promoties-2026/ HTTP/1.1" 200 25118 "-" "Mozilla/5.0 (Linux; Android 6.0.1; Nexus 5X Build/MMB29P) AppleWebKit/537.36 (KHTML, like Gecko) Chrome/147.0.7727.137 Mobile Safari/537.36 (compatible; Googlebot/2.1; +http://www.google.com/bot.html)" 9430 **9/9430117**
66.249.72.7 - - [12/May/2026:14:47:03 -0700] "GET /?p=16554 HTTP/1.1" 301 - "-" "Mozilla/5.0 (Linux; Android 6.0.1; Nexus 5X Build/MMB29P) AppleWebKit/537.36 (KHTML, like Gecko) Chrome/147.0.7727.137 Mobile Safari/537.36 (compatible; Googlebot/2.1; +http://www.google.com/bot.html)" 2163 **2/2163244**
66.249.72.7 - - [12/May/2026:14:47:02 -0700] "GET /?p=14238 HTTP/1.1" 301 - "-" "Mozilla/5.0 (Linux; Android 6.0.1; Nexus 5X Build/MMB29P) AppleWebKit/537.36 (KHTML, like Gecko) Chrome/147.0.7727.137 Mobile Safari/537.36 (compatible; Googlebot/2.1; +http://www.google.com/bot.html)" 3862 **3/3862868**
66.249.72.6 - - [12/May/2026:14:47:06 -0700] "GET /gokkasten-met-free-spins-feature-zonder-cruks/ HTTP/1.1" 200 25102 "-" "Mozilla/5.0 (Linux; Android 6.0.1; Nexus 5X Build/MMB29P) AppleWebKit/537.36 (KHTML, like Gecko) Chrome/147.0.7727.137 Mobile Safari/537.36 (compatible; Googlebot/2.1; +http://www.google.com/bot.html)" 1954 **1/1954923**
66.249.72.6 - - [12/May/2026:14:47:06 -0700] "GET /blackjack-casino-alternatieven/ HTTP/1.1" 200 25071 "-" "Mozilla/5.0 (Linux; Android 6.0.1; Nexus 5X Build/MMB29P) AppleWebKit/537.36 (KHTML, like Gecko) Chrome/147.0.7727.137 Mobile Safari/537.36 (compatible; Googlebot/2.1; +http://www.google.com/bot.html)" 1960 **1/1960678**
57.141.20.60 - - [12/May/2026:14:47:39 -0700] "GET /gratis-gamebeat-gokkasten/ HTTP/2.0" 200 101793 "-" "meta-externalagent/1.1 (+https://developers.facebook.com/docs/sharing/webmasters/crawler)" 4351 **4/4351503**
57.141.20.18 - - [12/May/2026:14:47:50 -0700] "GET /lucha-libre-2-online-gokkast-spelen-gratis-en-met-geld/ HTTP/2.0" 200 102082 "-" "meta-externalagent/1.1 (+https://developers.facebook.com/docs/sharing/webmasters/crawler)" 2196 **2/2196062**
66.249.72.5 - - [12/May/2026:14:47:59 -0700] "GET /?p=13494 HTTP/1.1" 301 - "-" "Mozilla/5.0 (Linux; Android 6.0.1; Nexus 5X Build/MMB29P) AppleWebKit/537.36 (KHTML, like Gecko) Chrome/147.0.7727.137 Mobile Safari/537.36 (compatible; Googlebot/2.1; +http://www.google.com/bot.html)" 337 **0/337414**
66.249.76.195 - - [12/May/2026:14:48:00 -0700] "GET /gokkasten-casino-top-10/ HTTP/1.1" 200 25096 "-" "Mozilla/5.0 (Linux; Android 6.0.1; Nexus 5X Build/MMB29P) AppleWebKit/537.36 (KHTML, like Gecko) Chrome/147.0.7727.137 Mobile Safari/537.36 (compatible; Googlebot/2.1; +http://www.google.com/bot.html)" 879 **0/879286**
66.249.76.195 - - [12/May/2026:14:48:57 -0700] "GET /?p=16730 HTTP/1.1" 301 - "-" "Mozilla/5.0 (Linux; Android 6.0.1; Nexus 5X Build/MMB29P) AppleWebKit/537.36 (KHTML, like Gecko) Chrome/147.0.7727.137 Mobile Safari/537.36 (compatible; Googlebot/2.1; +http://www.google.com/bot.html)" 1990 **1/1990961**
66.249.72.5 - - [12/May/2026:14:48:57 -0700] "GET /?p=24739 HTTP/1.1" 301 - "-" "Mozilla/5.0 (Linux; Android 6.0.1; Nexus 5X Build/MMB29P) AppleWebKit/537.36 (KHTML, like Gecko) Chrome/147.0.7727.137 Mobile Safari/537.36 (compatible; Googlebot/2.1; +http://www.google.com/bot.html)" 2363 **2/2363033**
66.249.72.5 - - [12/May/2026:14:48:57 -0700] "GET /?p=13400 HTTP/1.1" 301 - "-" "Mozilla/5.0 (Linux; Android 6.0.1; Nexus 5X Build/MMB29P) AppleWebKit/537.36 (KHTML, like Gecko) Chrome/147.0.7727.137 Mobile Safari/537.36 (compatible; Googlebot/2.1; +http://www.google.com/bot.html)" 2803 **2/2803351**
66.249.72.5 - - [12/May/2026:14:48:59 -0700] "GET /?p=10524 HTTP/1.1" 301 - "-" "Mozilla/5.0 (Linux; Android 6.0.1; Nexus 5X Build/MMB29P) AppleWebKit/537.36 (KHTML, like Gecko) Chrome/147.0.7727.137 Mobile Safari/537.36 (compatible; Googlebot/2.1; +http://www.google.com/bot.html)" 4545 **4/4545180**
66.249.72.5 - - [12/May/2026:14:48:59 -0700] "GET /beste-krasloten-casino-nederland/ HTTP/1.1" 200 24930 "-" "Mozilla/5.0 (Linux; Android 6.0.1; Nexus 5X Build/MMB29P) AppleWebKit/537.36 (KHTML, like Gecko) Chrome/147.0.7727.137 Mobile Safari/537.36 (compatible; Googlebot/2.1; +http://www.google.com/bot.html)" 9782 **9/9782516**
66.249.76.195 - - [12/May/2026:14:49:00 -0700] "GET /beste-video-bingo-nederland/ HTTP/1.1" 200 25168 "-" "Mozilla/5.0 (Linux; Android 6.0.1; Nexus 5X Build/MMB29P) AppleWebKit/537.36 (KHTML, like Gecko) Chrome/147.0.7727.137 Mobile Safari/537.36 (compatible; Googlebot/2.1; +http://www.google.com/bot.html)" 9776 **9/9776936**
66.249.76.195 - - [12/May/2026:14:49:04 -0700] "GET /roulette-met-loyalty-programma/ HTTP/1.1" 200 25295 "-" "Mozilla/5.0 (Linux; Android 6.0.1; Nexus 5X Build/MMB29P) AppleWebKit/537.36 (KHTML, like Gecko) Chrome/147.0.7727.137 Mobile Safari/537.36 (compatible; Googlebot/2.1; +http://www.google.com/bot.html)" 12849 **12/12849917**
66.249.72.5 - - [12/May/2026:14:49:09 -0700] "GET /goksite-1-euro-storten/ HTTP/1.1" 200 25210 "-" "Mozilla/5.0 (Linux; Android 6.0.1; Nexus 5X Build/MMB29P) AppleWebKit/537.36 (KHTML, like Gecko) Chrome/147.0.7727.137 Mobile Safari/537.36 (compatible; Googlebot/2.1; +http://www.google.com/bot.html)" 11379 **11/11379602**
66.249.76.197 - - [12/May/2026:14:50:03 -0700] "GET /?p=11212 HTTP/1.1" 301 - "-" "Mozilla/5.0 (Linux; Android 6.0.1; Nexus 5X Build/MMB29P) AppleWebKit/537.36 (KHTML, like Gecko) Chrome/147.0.7727.137 Mobile Safari/537.36 (compatible; Googlebot/2.1; +http://www.google.com/bot.html)" 4388 **4/4388974**
66.249.72.5 - - [12/May/2026:14:50:08 -0700] "GET /winstler-casino-bonus-zonder-storting-2026/ HTTP/1.1" 200 25203 "-" "Mozilla/5.0 (Linux; Android 6.0.1; Nexus 5X Build/MMB29P) AppleWebKit/537.36 (KHTML, like Gecko) Chrome/147.0.7727.137 Mobile Safari/537.36 (compatible; Googlebot/2.1; +http://www.google.com/bot.html)" 7948 **7/7948041**
66.249.72.5 - - [12/May/2026:14:50:38 -0700] "GET /?p=12559 HTTP/1.1" 301 - "-" "Mozilla/5.0 (Linux; Android 6.0.1; Nexus 5X Build/MMB29P) AppleWebKit/537.36 (KHTML, like Gecko) Chrome/147.0.7727.137 Mobile Safari/537.36 (compatible; Googlebot/2.1; +http://www.google.com/bot.html)" 1955 **1/1955864**
66.249.72.5 - - [12/May/2026:14:50:40 -0700] "GET /mini-roulette-echt-geld/ HTTP/1.1" 200 25066 "-" "Mozilla/5.0 (Linux; Android 6.0.1; Nexus 5X Build/MMB29P) AppleWebKit/537.36 (KHTML, like Gecko) Chrome/147.0.7727.137 Mobile Safari/537.36 (compatible; Googlebot/2.1; +http://www.google.com/bot.html)" 5686 **5/5686003**
66.249.72.5 - - [12/May/2026:14:51:31 -0700] "GET /?p=11392 HTTP/1.1" 301 - "-" "Mozilla/5.0 (Linux; Android 6.0.1; Nexus 5X Build/MMB29P) AppleWebKit/537.36 (KHTML, like Gecko) Chrome/147.0.7727.137 Mobile Safari/537.36 (compatible; Googlebot/2.1; +http://www.google.com/bot.html)" 3105 **3/3105916**
66.249.76.196 - - [12/May/2026:14:51:34 -0700] "GET /poker-site-2025/ HTTP/1.1" 200 24956 "-" "Mozilla/5.0 (Linux; Android 6.0.1; Nexus 5X Build/MMB29P) AppleWebKit/537.36 (KHTML, like Gecko) Chrome/147.0.7727.137 Mobile Safari/537.36 (compatible; Googlebot/2.1; +http://www.google.com/bot.html)" 9345 **9/9345125**
57.141.20.59 - - [12/May/2026:14:55:08 -0700] "GET /casino-spellen-online-gratis/ HTTP/2.0" 200 101235 "-" "meta-externalagent/1.1 (+https://developers.facebook.com/docs/sharing/webmasters/crawler)" 5489 **5/5489675**
57.141.20.61 - - [12/May/2026:14:57:32 -0700] "GET /golden-palace-casino-100-free-spins/ HTTP/2.0" 200 101471 "-" "meta-externalagent/1.1 (+https://developers.facebook.com/docs/sharing/webmasters/crawler)" 2120 **2/2120376**
57.141.20.42 - - [12/May/2026:14:58:45 -0700] "GET /welke-kaarten-zijn-blackjack/ HTTP/2.0" 200 101519 "-" "meta-externalagent/1.1 (+https://developers.facebook.com/docs/sharing/webmasters/crawler)" 8137 **8/8137876**
57.141.20.18 - - [12/May/2026:14:59:52 -0700] "GET /gokkasten-gratis-spelen-gokkie/ HTTP/2.0" 200 100941 "-" "meta-externalagent/1.1 (+https://developers.facebook.com/docs/sharing/webmasters/crawler)" 6737 **6/6737587**
92.205.10.122 - - [12/May/2026:15:01:39 -0700] "POST /wp-cron.php?doing_wp_cron=1778623298.7536149024963378906250 HTTP/1.1" 200 - "-" "WordPress/6.9.4; https://stichtingsalvator.nl" 294 **0/294994**
98.98.66.85 - - [12/May/2026:15:01:28 -0700] "POST /xmlrpc.php HTTP/1.1" 200 180 "-" "Mozilla/5.0 (Windows NT 10.0; Win64; x64) AppleWebKit/537.36 (KHTML, like Gecko) Chrome/114.0.0.0 Safari/537.36" 11423 **11/11423860**
98.98.66.85 - - [12/May/2026:15:01:48 -0700] "POST /xmlrpc.php HTTP/1.1" 200 10248 "-" "Mozilla/5.0 (Windows NT 10.0; Win64; x64) AppleWebKit/537.36 (KHTML, like Gecko) Chrome/114.0.0.0 Safari/537.36" 4256 **4/4256937**
98.98.66.85 - - [12/May/2026:15:02:36 -0700] "GET /they-has-best-video-game-regarding-accepted-application-team-making-certain-a-high-high-quality-gaming-experience/ HTTP/1.1" 200 109868 "-" "Mozilla/5.0 (Windows NT 10.0; Win64; x64) AppleWebKit/537.36 (KHTML, like Gecko) Chrome/109.0.0.0 Safari/537.36" 7195 **7/7195525**
47.82.10.175 - - [12/May/2026:15:04:28 -0700] "GET /?p=11686 HTTP/1.1" 415 124050 "https://stichtingsalvator.nl/" "Mozilla/5.0 (Windows NT 10.0; Win64; x64) AppleWebKit/537.36 (KHTML, like Gecko) Chrome/135.0.0.0 Safari/537.36" 6166 **6/6166119**
66.249.76.197 - - [12/May/2026:15:04:45 -0700] "GET /klassieke-gokkasten-zonder-cruks/ HTTP/1.1" 200 25254 "-" "Mozilla/5.0 (Linux; Android 6.0.1; Nexus 5X Build/MMB29P) AppleWebKit/537.36 (KHTML, like Gecko) Chrome/147.0.7727.137 Mobile Safari/537.36 (compatible; Googlebot/2.1; +http://www.google.com/bot.html)" 8979 **8/8979764**
92.205.10.122 - - [12/May/2026:15:05:50 -0700] "POST /wp-cron.php?doing_wp_cron=1778623550.7605330944061279296875 HTTP/1.1" 200 - "-" "WordPress/6.9.4; https://stichtingsalvator.nl" 92 **0/92643**
98.98.66.85 - - [12/May/2026:15:05:48 -0700] "POST /xmlrpc.php HTTP/1.1" 200 180 "-" "Mozilla/5.0 (Windows NT 10.0; Win64; x64) AppleWebKit/537.36 (KHTML, like Gecko) Chrome/114.0.0.0 Safari/537.36" 2800 **2/2800542**
98.98.66.85 - - [12/May/2026:15:05:57 -0700] "POST /xmlrpc.php HTTP/1.1" 200 9554 "-" "Mozilla/5.0 (Windows NT 10.0; Win64; x64) AppleWebKit/537.36 (KHTML, like Gecko) Chrome/114.0.0.0 Safari/537.36" 2438 **2/2438355**
98.98.66.85 - - [12/May/2026:15:06:00 -0700] "GET /they-always-offers-up-desk-games-however-either-to-own-slots/ HTTP/1.1" 200 108287 "-" "Mozilla/5.0 (Windows NT 10.0; rv:109.0) Gecko/20100101 Firefox/115.0" 7667 **7/7667215**
66.249.76.195 - - [12/May/2026:15:06:09 -0700] "GET /snelle-registratie-casino-nederland/ HTTP/1.1" 200 24951 "-" "Mozilla/5.0 (Linux; Android 6.0.1; Nexus 5X Build/MMB29P) AppleWebKit/537.36 (KHTML, like Gecko) Chrome/147.0.7727.137 Mobile Safari/537.36 (compatible; Googlebot/2.1; +http://www.google.com/bot.html)" 6961 **6/6961703**
66.249.72.5 - - [12/May/2026:15:07:02 -0700] "GET /?p=17854 HTTP/1.1" 301 - "-" "Mozilla/5.0 (Linux; Android 6.0.1; Nexus 5X Build/MMB29P) AppleWebKit/537.36 (KHTML, like Gecko) Chrome/147.0.7727.137 Mobile Safari/537.36 (compatible; Googlebot/2.1; +http://www.google.com/bot.html)" 1819 **1/1819976**
66.249.72.6 - - [12/May/2026:15:07:05 -0700] "GET /speelhal-waalwijk/ HTTP/1.1" 200 25061 "-" "Mozilla/5.0 (Linux; Android 6.0.1; Nexus 5X Build/MMB29P) AppleWebKit/537.36 (KHTML, like Gecko) Chrome/147.0.7727.137 Mobile Safari/537.36 (compatible; Googlebot/2.1; +http://www.google.com/bot.html)" 6773 **6/6773595**
57.141.20.52 - - [12/May/2026:15:07:15 -0700] "GET /online-baccarat-spelen/ HTTP/2.0" 200 102495 "-" "meta-externalagent/1.1 (+https://developers.facebook.com/docs/sharing/webmasters/crawler)" 7129 **7/7129396**
66.249.72.5 - - [12/May/2026:15:07:24 -0700] "GET /speelhal-strijen/ HTTP/1.1" 200 25075 "-" "Mozilla/5.0 (Linux; Android 6.0.1; Nexus 5X Build/MMB29P) AppleWebKit/537.36 (KHTML, like Gecko) Chrome/147.0.7727.137 Mobile Safari/537.36 (compatible; Googlebot/2.1; +http://www.google.com/bot.html)" 7672 **7/7672693**
92.205.10.122 - - [12/May/2026:15:07:37 -0700] "POST /wp-cron.php?doing_wp_cron=1778623657.0537669658660888671875 HTTP/1.1" 200 - "-" "WordPress/6.9.4; https://stichtingsalvator.nl" 175 **0/175550**
98.98.66.85 - - [12/May/2026:15:07:31 -0700] "POST /xmlrpc.php HTTP/1.1" 200 180 "-" "Mozilla/5.0 (Windows NT 10.0; Win64; x64) AppleWebKit/537.36 (KHTML, like Gecko) Chrome/114.0.0.0 Safari/537.36" 5814 **5/5814579**
98.98.66.85 - - [12/May/2026:15:07:43 -0700] "POST /xmlrpc.php HTTP/1.1" 200 10798 "-" "Mozilla/5.0 (Windows NT 10.0; Win64; x64) AppleWebKit/537.36 (KHTML, like Gecko) Chrome/114.0.0.0 Safari/537.36" 4156 **4/4156872**
57.141.20.55 - - [12/May/2026:15:07:49 -0700] "GET /they-always-offers-up-desk-games-however-either-to-own-slots/ HTTP/2.0" 200 108209 "-" "meta-externalagent/1.1 (+https://developers.facebook.com/docs/sharing/webmasters/crawler)" 3015 **3/3015563**
98.98.66.85 - - [12/May/2026:15:07:48 -0700] "GET /usually-100-free-spins-are-worth-ranging-from-0/ HTTP/1.1" 200 108986 "-" "Mozilla/5.0 (Windows NT 10.0; rv:109.0) Gecko/20100101 Firefox/115.0" 4036 **4/4036820**
66.249.72.5 - - [12/May/2026:15:07:56 -0700] "GET /?p=17761 HTTP/1.1" 301 - "-" "Mozilla/5.0 (Linux; Android 6.0.1; Nexus 5X Build/MMB29P) AppleWebKit/537.36 (KHTML, like Gecko) Chrome/147.0.7727.137 Mobile Safari/537.36 (compatible; Googlebot/2.1; +http://www.google.com/bot.html)" 703 **0/703171**
66.249.76.195 - - [12/May/2026:15:07:57 -0700] "GET /geld-winnen-nederlandse-casino/ HTTP/1.1" 200 25171 "-" "Mozilla/5.0 (Linux; Android 6.0.1; Nexus 5X Build/MMB29P) AppleWebKit/537.36 (KHTML, like Gecko) Chrome/147.0.7727.137 Mobile Safari/537.36 (compatible; Googlebot/2.1; +http://www.google.com/bot.html)" 2727 **2/2727322**
57.141.20.68 - - [12/May/2026:15:08:08 -0700] "GET /wp-json/oembed/1.0/embed?url=https%3A%2F%2Fstichtingsalvator.nl%2Fthey-always-offers-up-desk-games-however-either-to-own-slots%2F HTTP/2.0" 200 2622 "-" "meta-externalagent/1.1 (+https://developers.facebook.com/docs/sharing/webmasters/crawler)" 6914 **6/6914768**
57.141.20.55 - - [12/May/2026:15:08:11 -0700] "GET /they-always-offers-up-desk-games-however-either-to-own-slots/feed/ HTTP/2.0" 200 888 "-" "meta-externalagent/1.1 (+https://developers.facebook.com/docs/sharing/webmasters/crawler)" 5248 **5/5248014**
66.249.76.195 - - [12/May/2026:15:08:17 -0700] "GET /online-blackjack-mastercard/ HTTP/1.1" 200 25181 "-" "Mozilla/5.0 (Linux; Android 6.0.1; Nexus 5X Build/MMB29P) AppleWebKit/537.36 (KHTML, like Gecko) Chrome/147.0.7727.137 Mobile Safari/537.36 (compatible; Googlebot/2.1; +http://www.google.com/bot.html)" 4932 **4/4932125**
57.141.20.33 - - [12/May/2026:15:08:27 -0700] "GET /gokhal-charleroi/ HTTP/2.0" 200 102090 "-" "meta-externalagent/1.1 (+https://developers.facebook.com/docs/sharing/webmasters/crawler)" 4702 **4/4702707**
92.205.10.122 - - [12/May/2026:15:09:16 -0700] "POST /wp-cron.php?doing_wp_cron=1778623756.8673388957977294921875 HTTP/1.1" 200 - "-" "WordPress/6.9.4; https://stichtingsalvator.nl" 181 **0/181492**
98.98.66.85 - - [12/May/2026:15:09:10 -0700] "POST /xmlrpc.php HTTP/1.1" 200 180 "-" "Mozilla/5.0 (Windows NT 10.0; Win64; x64) AppleWebKit/537.36 (KHTML, like Gecko) Chrome/114.0.0.0 Safari/537.36" 7143 **7/7143784**
66.249.72.6 - - [12/May/2026:15:09:10 -0700] "GET /viking-slots-met-bonus/ HTTP/1.1" 200 25244 "-" "Mozilla/5.0 (Linux; Android 6.0.1; Nexus 5X Build/MMB29P) AppleWebKit/537.36 (KHTML, like Gecko) Chrome/147.0.7727.137 Mobile Safari/537.36 (compatible; Googlebot/2.1; +http://www.google.com/bot.html)" 11298 **11/11298394**
98.98.66.85 - - [12/May/2026:15:09:23 -0700] "POST /xmlrpc.php HTTP/1.1" 200 8955 "-" "Mozilla/5.0 (Windows NT 10.0; Win64; x64) AppleWebKit/537.36 (KHTML, like Gecko) Chrome/114.0.0.0 Safari/537.36" 6042 **6/6042606**
57.141.20.58 - - [12/May/2026:15:09:21 -0700] "GET /dreamz-casino-100-free-spins/ HTTP/2.0" 200 102670 "-" "meta-externalagent/1.1 (+https://developers.facebook.com/docs/sharing/webmasters/crawler)" 10466 **10/10466749**
98.98.66.85 - - [12/May/2026:15:09:29 -0700] "GET /in-the-event-that-youll-find-significant-wagering-criteria-attached-detachment-away-from-incentive-finance-gets-to-be-more-problematic/ HTTP/1.1" 200 109049 "-" "Mozilla/5.0 (Windows NT 10.0; Win64; x64) AppleWebKit/537.36 (KHTML, like Gecko) Chrome/124.0.0.0 Safari/537.36" 9289 **9/9289716**
66.249.72.7 - - [12/May/2026:15:10:03 -0700] "GET /betrouwbaar-keno/ HTTP/1.1" 200 25078 "-" "Mozilla/5.0 (Linux; Android 6.0.1; Nexus 5X Build/MMB29P) AppleWebKit/537.36 (KHTML, like Gecko) Chrome/147.0.7727.137 Mobile Safari/537.36 (compatible; Googlebot/2.1; +http://www.google.com/bot.html)" 15461 **15/15461102**
92.205.10.122 - - [12/May/2026:15:10:57 -0700] "POST /wp-cron.php?doing_wp_cron=1778623857.4535050392150878906250 HTTP/1.1" 200 - "-" "WordPress/6.9.4; https://stichtingsalvator.nl" 304 **0/304257**
98.98.66.85 - - [12/May/2026:15:10:49 -0700] "POST /xmlrpc.php HTTP/1.1" 200 180 "-" "Mozilla/5.0 (Windows NT 10.0; Win64; x64) AppleWebKit/537.36 (KHTML, like Gecko) Chrome/114.0.0.0 Safari/537.36" 8762 **8/8762538**
98.98.66.85 - - [12/May/2026:15:11:04 -0700] "POST /xmlrpc.php HTTP/1.1" 503 - "-" "Mozilla/5.0 (Windows NT 10.0; Win64; x64) AppleWebKit/537.36 (KHTML, like Gecko) Chrome/114.0.0.0 Safari/537.36" 466 **0/466296**
57.141.20.69 - - [12/May/2026:15:10:51 -0700] "GET /poker-casino-met-bonus/ HTTP/2.0" 200 102082 "-" "meta-externalagent/1.1 (+https://developers.facebook.com/docs/sharing/webmasters/crawler)" 15400 **15/15400043**
66.249.76.196 - - [12/May/2026:15:11:17 -0700] "GET /gokhal-koksijde/ HTTP/1.1" 503 468 "-" "Mozilla/5.0 (Linux; Android 6.0.1; Nexus 5X Build/MMB29P) AppleWebKit/537.36 (KHTML, like Gecko) Chrome/147.0.7727.137 Mobile Safari/537.36 (compatible; Googlebot/2.1; +http://www.google.com/bot.html)" 104 **0/104824**
98.98.66.85 - - [12/May/2026:15:11:10 -0700] "POST /xmlrpc.php HTTP/1.1" 200 12049 "-" "Mozilla/5.0 (Windows NT 10.0; Win64; x64) AppleWebKit/537.36 (KHTML, like Gecko) Chrome/114.0.0.0 Safari/537.36" 8698 **8/8698835**
98.98.66.85 - - [12/May/2026:15:11:20 -0700] "GET /therefore-signing-up-for-a-totally-free-wager-could-be-very-easy/ HTTP/1.1" 200 110908 "-" "Mozilla/5.0 (Windows NT 10.0; Win64; x64) AppleWebKit/537.36 (KHTML, like Gecko) Chrome/123.0.0.0 Safari/537.36" 13712 **13/13712718**
57.141.20.43 - - [12/May/2026:15:11:25 -0700] "GET /therefore-signing-up-for-a-totally-free-wager-could-be-very-easy/ HTTP/2.0" 200 110908 "-" "meta-externalagent/1.1 (+https://developers.facebook.com/docs/sharing/webmasters/crawler)" 13167 **13/13167318**
57.141.20.56 - - [12/May/2026:15:11:56 -0700] "GET /therefore-signing-up-for-a-totally-free-wager-could-be-very-easy/feed/ HTTP/2.0" 200 900 "-" "meta-externalagent/1.1 (+https://developers.facebook.com/docs/sharing/webmasters/crawler)" 8572 **8/8572135**
66.249.72.5 - - [12/May/2026:15:12:00 -0700] "GET /?p=4872 HTTP/1.1" 301 - "-" "Mozilla/5.0 (Linux; Android 6.0.1; Nexus 5X Build/MMB29P) AppleWebKit/537.36 (KHTML, like Gecko) Chrome/147.0.7727.137 Mobile Safari/537.36 (compatible; Googlebot/2.1; +http://www.google.com/bot.html)" 5620 **5/5620622**
57.141.20.45 - - [12/May/2026:15:11:59 -0700] "GET /wp-json/oembed/1.0/embed?url=https%3A%2F%2Fstichtingsalvator.nl%2Ftherefore-signing-up-for-a-totally-free-wager-could-be-very-easy%2F HTTP/2.0" 200 2645 "-" "meta-externalagent/1.1 (+https://developers.facebook.com/docs/sharing/webmasters/crawler)" 7022 **7/7022266**
57.141.20.38 - - [12/May/2026:15:12:02 -0700] "GET /?p=28494 HTTP/2.0" 301 - "-" "meta-externalagent/1.1 (+https://developers.facebook.com/docs/sharing/webmasters/crawler)" 5531 **5/5531859**
57.141.20.53 - - [12/May/2026:15:11:59 -0700] "GET /wp-json/wp/v2/posts/28494 HTTP/2.0" 200 20982 "-" "meta-externalagent/1.1 (+https://developers.facebook.com/docs/sharing/webmasters/crawler)" 8700 **8/8700875**
66.249.72.5 - - [12/May/2026:15:12:05 -0700] "GET /zandvoort-casino-no-deposit-bonus/ HTTP/1.1" 200 25152 "-" "Mozilla/5.0 (Linux; Android 6.0.1; Nexus 5X Build/MMB29P) AppleWebKit/537.36 (KHTML, like Gecko) Chrome/147.0.7727.137 Mobile Safari/537.36 (compatible; Googlebot/2.1; +http://www.google.com/bot.html)" 8592 **8/8592688**
92.205.10.122 - - [12/May/2026:15:12:31 -0700] "POST /wp-cron.php?doing_wp_cron=1778623951.4607620239257812500000 HTTP/1.1" 200 - "-" "WordPress/6.9.4; https://stichtingsalvator.nl" 496 **0/496717**
98.98.66.85 - - [12/May/2026:15:12:25 -0700] "POST /xmlrpc.php HTTP/1.1" 200 180 "-" "Mozilla/5.0 (Windows NT 10.0; Win64; x64) AppleWebKit/537.36 (KHTML, like Gecko) Chrome/114.0.0.0 Safari/537.36" 6478 **6/6478446**
193.36.38.228 - - [12/May/2026:15:12:33 -0700] "POST /xmlrpc.php HTTP/1.1" 200 180 "-" "Mozilla/5.0 (Windows NT 10.0; Win64; x64) AppleWebKit/537.36 (KHTML, like Gecko) Chrome/114.0.0.0 Safari/537.36" 8583 **8/8583085**
98.98.66.85 - - [12/May/2026:15:12:39 -0700] "POST /xmlrpc.php HTTP/1.1" 200 11657 "-" "Mozilla/5.0 (Windows NT 10.0; Win64; x64) AppleWebKit/537.36 (KHTML, like Gecko) Chrome/114.0.0.0 Safari/537.36" 4959 **4/4959964**
193.36.38.228 - - [12/May/2026:15:12:47 -0700] "POST /xmlrpc.php HTTP/1.1" 200 10507 "-" "Mozilla/5.0 (Windows NT 10.0; Win64; x64) AppleWebKit/537.36 (KHTML, like Gecko) Chrome/114.0.0.0 Safari/537.36" 3972 **3/3972529**
66.249.72.5 - - [12/May/2026:15:12:42 -0700] "GET /instant-roulette-nederland/ HTTP/1.1" 200 24721 "-" "Mozilla/5.0 (Linux; Android 6.0.1; Nexus 5X Build/MMB29P) AppleWebKit/537.36 (KHTML, like Gecko) Chrome/147.0.7727.137 Mobile Safari/537.36 (compatible; Googlebot/2.1; +http://www.google.com/bot.html)" 12528 **12/12528171**
98.98.66.85 - - [12/May/2026:15:12:45 -0700] "GET /throughout-states-having-judge-on-line-casino-websites-you-truly-must-be-21-otherwise-earlier-to-try-out/ HTTP/1.1" 200 111287 "-" "Mozilla/5.0 (Windows NT 10.0; Win64; x64) AppleWebKit/537.36 (KHTML, like Gecko) Chrome/109.0.0.0 Safari/537.36" 9644 **9/9644861**
193.36.38.228 - - [12/May/2026:15:12:51 -0700] "GET /casino-maklercourtage-blos-einzahlung-april-2026-aktuelle-register/ HTTP/1.1" 200 109211 "-" "Mozilla/5.0 (Windows NT 10.0; Win64; x64; rv:124.0) Gecko/20100101 Firefox/124.0" 11954 **11/11954235**
92.205.10.122 - - [12/May/2026:15:13:56 -0700] "POST /wp-cron.php?doing_wp_cron=1778624036.6646430492401123046875 HTTP/1.1" 200 - "-" "WordPress/6.9.4; https://stichtingsalvator.nl" 199 **0/199274**
98.98.66.85 - - [12/May/2026:15:13:47 -0700] "POST /xmlrpc.php HTTP/1.1" 200 180 "-" "Mozilla/5.0 (Windows NT 10.0; Win64; x64) AppleWebKit/537.36 (KHTML, like Gecko) Chrome/114.0.0.0 Safari/537.36" 10012 **10/10012280**
98.98.66.85 - - [12/May/2026:15:14:03 -0700] "POST /xmlrpc.php HTTP/1.1" 200 9477 "-" "Mozilla/5.0 (Windows NT 10.0; Win64; x64) AppleWebKit/537.36 (KHTML, like Gecko) Chrome/114.0.0.0 Safari/537.36" 6434 **6/6434442**
98.98.66.85 - - [12/May/2026:15:14:10 -0700] "GET /which-have-record-incomes-on-a-yearly-basis-its-no-wonder-that-the-industry-is-getting-more-cutthroat/ HTTP/1.1" 200 108928 "-" "Mozilla/5.0 (Windows NT 10.0; Win64; x64; rv:125.0) Gecko/20100101 Firefox/125.0" 7333 **7/7333100**
66.249.72.6 - - [12/May/2026:15:14:27 -0700] "GET /casino-promotie-met-crypto/ HTTP/1.1" 200 25025 "-" "Mozilla/5.0 (Linux; Android 6.0.1; Nexus 5X Build/MMB29P) AppleWebKit/537.36 (KHTML, like Gecko) Chrome/147.0.7727.137 Mobile Safari/537.36 (compatible; Googlebot/2.1; +http://www.google.com/bot.html)" 5060 **5/5060298**
92.205.10.122 - - [12/May/2026:15:15:12 -0700] "POST /wp-cron.php?doing_wp_cron=1778624112.5631699562072753906250 HTTP/1.1" 200 - "-" "WordPress/6.9.4; https://stichtingsalvator.nl" 28 **0/28818**
98.98.66.85 - - [12/May/2026:15:15:11 -0700] "POST /xmlrpc.php HTTP/1.1" 200 180 "-" "Mozilla/5.0 (Windows NT 10.0; Win64; x64) AppleWebKit/537.36 (KHTML, like Gecko) Chrome/114.0.0.0 Safari/537.36" 742 **0/742476**
98.98.66.85 - - [12/May/2026:15:15:19 -0700] "POST /xmlrpc.php HTTP/1.1" 200 10127 "-" "Mozilla/5.0 (Windows NT 10.0; Win64; x64) AppleWebKit/537.36 (KHTML, like Gecko) Chrome/114.0.0.0 Safari/537.36" 981 **0/981790**
66.249.76.197 - - [12/May/2026:15:15:20 -0700] "GET /casimba-casino-review-en-ervaringen-2026/ HTTP/1.1" 200 25109 "-" "Mozilla/5.0 (Linux; Android 6.0.1; Nexus 5X Build/MMB29P) AppleWebKit/537.36 (KHTML, like Gecko) Chrome/147.0.7727.137 Mobile Safari/537.36 (compatible; Googlebot/2.1; +http://www.google.com/bot.html)" 1218 **1/1218432**
98.98.66.85 - - [12/May/2026:15:15:20 -0700] "GET /if-you-were-to-think-you-are-lured-put-deposit-limitations-whenever-you-help-make-your-membership/ HTTP/1.1" 200 109680 "-" "Mozilla/5.0 (Windows NT 10.0; Win64; x64; rv:125.0) Gecko/20100101 Firefox/125.0" 1225 **1/1225999**
57.141.20.54 - - [12/May/2026:15:15:25 -0700] "GET /bingo-site-aanbeveling/ HTTP/2.0" 200 102153 "-" "meta-externalagent/1.1 (+https://developers.facebook.com/docs/sharing/webmasters/crawler)" 1437 **1/1437014**
57.141.20.35 - - [12/May/2026:15:15:47 -0700] "GET /if-you-were-to-think-you-are-lured-put-deposit-limitations-whenever-you-help-make-your-membership/ HTTP/2.0" 200 109680 "-" "meta-externalagent/1.1 (+https://developers.facebook.com/docs/sharing/webmasters/crawler)" 741 **0/741443**
57.141.20.29 - - [12/May/2026:15:16:08 -0700] "GET /wp-json/oembed/1.0/embed?url=https%3A%2F%2Fstichtingsalvator.nl%2Fif-you-were-to-think-you-are-lured-put-deposit-limitations-whenever-you-help-make-your-membership%2F HTTP/2.0" 200 2797 "-" "meta-externalagent/1.1 (+https://developers.facebook.com/docs/sharing/webmasters/crawler)" 1795 **1/1795339**
66.249.72.5 - - [12/May/2026:15:16:13 -0700] "GET /live-casino-storten-met-trustly/ HTTP/1.1" 200 25071 "-" "Mozilla/5.0 (Linux; Android 6.0.1; Nexus 5X Build/MMB29P) AppleWebKit/537.36 (KHTML, like Gecko) Chrome/147.0.7727.137 Mobile Safari/537.36 (compatible; Googlebot/2.1; +http://www.google.com/bot.html)" 727 **0/727684**
92.205.10.122 - - [12/May/2026:15:16:40 -0700] "POST /wp-cron.php?doing_wp_cron=1778624200.7376379966735839843750 HTTP/1.1" 200 - "-" "WordPress/6.9.4; https://stichtingsalvator.nl" 23 **0/23957**
98.98.66.85 - - [12/May/2026:15:16:40 -0700] "POST /xmlrpc.php HTTP/1.1" 200 180 "-" "Mozilla/5.0 (Windows NT 10.0; Win64; x64) AppleWebKit/537.36 (KHTML, like Gecko) Chrome/114.0.0.0 Safari/537.36" 623 **0/623491**
98.98.66.85 - - [12/May/2026:15:16:46 -0700] "POST /xmlrpc.php HTTP/1.1" 200 9713 "-" "Mozilla/5.0 (Windows NT 10.0; Win64; x64) AppleWebKit/537.36 (KHTML, like Gecko) Chrome/114.0.0.0 Safari/537.36" 2544 **2/2544149**
98.98.66.85 - - [12/May/2026:15:16:49 -0700] "GET /along-with-certain-effortless-roulette-strategy-you-can-capture-a-try-from-the-overcoming-the-house/ HTTP/1.1" 200 109196 "-" "Mozilla/5.0 (Windows NT 10.0; Win64; x64; rv:124.0) Gecko/20100101 Firefox/124.0" 2341 **2/2341465**
185.153.199.7 - - [12/May/2026:15:17:03 -0700] "POST /xmlrpc.php HTTP/1.1" 200 7028 "-" "Mozilla/5.0 (Windows NT 10.0; Win64; x64) AppleWebKit/537.36 (KHTML, like Gecko) Chrome/114.0.0.0 Safari/537.36" 42 **0/42128**
185.153.199.7 - - [12/May/2026:15:17:03 -0700] "POST /xmlrpc.php HTTP/1.1" 200 7028 "-" "Mozilla/5.0 (Windows NT 10.0; Win64; x64) AppleWebKit/537.36 (KHTML, like Gecko) Chrome/114.0.0.0 Safari/537.36" 41 **0/41459**
66.249.72.7 - - [12/May/2026:15:17:06 -0700] "GET /live-bingo-nederland/ HTTP/1.1" 200 24562 "-" "Mozilla/5.0 (Linux; Android 6.0.1; Nexus 5X Build/MMB29P) AppleWebKit/537.36 (KHTML, like Gecko) Chrome/147.0.7727.137 Mobile Safari/537.36 (compatible; Googlebot/2.1; +http://www.google.com/bot.html)" 746 **0/746526**
66.249.76.195 - - [12/May/2026:15:17:19 -0700] "GET /?p=19117 HTTP/1.1" 301 - "-" "Mozilla/5.0 (Linux; Android 6.0.1; Nexus 5X Build/MMB29P) AppleWebKit/537.36 (KHTML, like Gecko) Chrome/147.0.7727.137 Mobile Safari/537.36 (compatible; Googlebot/2.1; +http://www.google.com/bot.html)" 779 **0/779059**
66.249.72.5 - - [12/May/2026:15:17:21 -0700] "GET /beste-blackjack-lage-inzet/ HTTP/1.1" 200 25077 "-" "Mozilla/5.0 (Linux; Android 6.0.1; Nexus 5X Build/MMB29P) AppleWebKit/537.36 (KHTML, like Gecko) Chrome/147.0.7727.137 Mobile Safari/537.36 (compatible; Googlebot/2.1; +http://www.google.com/bot.html)" 678 **0/678449**
92.205.10.122 - - [12/May/2026:15:18:05 -0700] "POST /wp-cron.php?doing_wp_cron=1778624285.1801700592041015625000 HTTP/1.1" 200 - "-" "WordPress/6.9.4; https://stichtingsalvator.nl" 496 **0/496006**
98.98.66.85 - - [12/May/2026:15:17:57 -0700] "POST /xmlrpc.php HTTP/1.1" 200 180 "-" "Mozilla/5.0 (Windows NT 10.0; Win64; x64) AppleWebKit/537.36 (KHTML, like Gecko) Chrome/114.0.0.0 Safari/537.36" 8667 **8/8667178**
66.249.76.195 - - [12/May/2026:15:17:59 -0700] "GET /bingo-met-paysafecard/ HTTP/1.1" 200 24797 "-" "Mozilla/5.0 (Linux; Android 6.0.1; Nexus 5X Build/MMB29P) AppleWebKit/537.36 (KHTML, like Gecko) Chrome/147.0.7727.137 Mobile Safari/537.36 (compatible; Googlebot/2.1; +http://www.google.com/bot.html)" 11285 **11/11285032**
98.98.66.85 - - [12/May/2026:15:18:12 -0700] "POST /xmlrpc.php HTTP/1.1" 200 10914 "-" "Mozilla/5.0 (Windows NT 10.0; Win64; x64) AppleWebKit/537.36 (KHTML, like Gecko) Chrome/114.0.0.0 Safari/537.36" 5322 **5/5322513**
98.98.66.85 - - [12/May/2026:15:18:18 -0700] "GET /the-gambling-enterprise-experts-on-a-regular-basis-update-the-set-of-the-new-zero-put-free-revolves-now-offers/ HTTP/1.1" 200 110505 "-" "Mozilla/5.0 (Windows NT 10.0; Win64; x64; rv:125.0) Gecko/20100101 Firefox/125.0" 7485 **7/7485741**
66.249.72.5 - - [12/May/2026:15:18:52 -0700] "GET /casino-voor-mannen-nederland/ HTTP/1.1" 200 24873 "-" "Mozilla/5.0 (Linux; Android 6.0.1; Nexus 5X Build/MMB29P) AppleWebKit/537.36 (KHTML, like Gecko) Chrome/147.0.7727.137 Mobile Safari/537.36 (compatible; Googlebot/2.1; +http://www.google.com/bot.html)" 4564 **4/4564701**
66.249.72.5 - - [12/May/2026:15:19:07 -0700] "GET /?p=16788 HTTP/1.1" 301 - "-" "Mozilla/5.0 (Linux; Android 6.0.1; Nexus 5X Build/MMB29P) AppleWebKit/537.36 (KHTML, like Gecko) Chrome/147.0.7727.137 Mobile Safari/537.36 (compatible; Googlebot/2.1; +http://www.google.com/bot.html)" 3244 **3/3244557**
66.249.72.6 - - [12/May/2026:15:19:10 -0700] "GET /startbonus-2026-casino/ HTTP/1.1" 200 25068 "-" "Mozilla/5.0 (Linux; Android 6.0.1; Nexus 5X Build/MMB29P) AppleWebKit/537.36 (KHTML, like Gecko) Chrome/147.0.7727.137 Mobile Safari/537.36 (compatible; Googlebot/2.1; +http://www.google.com/bot.html)" 6043 **6/6043230**
92.205.10.122 - - [12/May/2026:15:19:22 -0700] "POST /wp-cron.php?doing_wp_cron=1778624362.5680119991302490234375 HTTP/1.1" 200 - "-" "WordPress/6.9.4; https://stichtingsalvator.nl" 196 **0/196439**
98.98.66.85 - - [12/May/2026:15:19:19 -0700] "POST /xmlrpc.php HTTP/1.1" 200 180 "-" "Mozilla/5.0 (Windows NT 10.0; Win64; x64) AppleWebKit/537.36 (KHTML, like Gecko) Chrome/114.0.0.0 Safari/537.36" 3536 **3/3536920**
98.98.66.85 - - [12/May/2026:15:19:29 -0700] "POST /xmlrpc.php HTTP/1.1" 200 11695 "-" "Mozilla/5.0 (Windows NT 10.0; Win64; x64) AppleWebKit/537.36 (KHTML, like Gecko) Chrome/114.0.0.0 Safari/537.36" 4284 **4/4284596**
98.98.66.85 - - [12/May/2026:15:19:34 -0700] "GET /in-the-end-the-rest-free-spins-is-paid-within-this-72-instances/ HTTP/1.1" 200 110564 "-" "Mozilla/5.0 (Windows NT 10.0; Win64; x64) AppleWebKit/537.36 (KHTML, like Gecko) Chrome/122.0.0.0 Safari/537.36" 8480 **8/8480731**
66.249.72.6 - - [12/May/2026:15:19:45 -0700] "GET /?p=11279 HTTP/1.1" 301 - "-" "Mozilla/5.0 (Linux; Android 6.0.1; Nexus 5X Build/MMB29P) AppleWebKit/537.36 (KHTML, like Gecko) Chrome/147.0.7727.137 Mobile Safari/537.36 (compatible; Googlebot/2.1; +http://www.google.com/bot.html)" 5821 **5/5821985**
66.249.76.195 - - [12/May/2026:15:19:51 -0700] "GET /populairste-goksite-nederland-met-cashback/ HTTP/1.1" 200 25041 "-" "Mozilla/5.0 (Linux; Android 6.0.1; Nexus 5X Build/MMB29P) AppleWebKit/537.36 (KHTML, like Gecko) Chrome/147.0.7727.137 Mobile Safari/537.36 (compatible; Googlebot/2.1; +http://www.google.com/bot.html)" 9913 **9/9913781**
66.249.76.195 - - [12/May/2026:15:20:38 -0700] "GET /?p=11944 HTTP/1.1" 301 - "-" "Mozilla/5.0 (Linux; Android 6.0.1; Nexus 5X Build/MMB29P) AppleWebKit/537.36 (KHTML, like Gecko) Chrome/147.0.7727.137 Mobile Safari/537.36 (compatible; Googlebot/2.1; +http://www.google.com/bot.html)" 4261 **4/4261023**
92.205.10.122 - - [12/May/2026:15:20:43 -0700] "POST /wp-cron.php?doing_wp_cron=1778624443.9565010070800781250000 HTTP/1.1" 200 - "-" "WordPress/6.9.4; https://stichtingsalvator.nl" 197 **0/197347**
98.98.66.85 - - [12/May/2026:15:20:36 -0700] "POST /xmlrpc.php HTTP/1.1" 200 180 "-" "Mozilla/5.0 (Windows NT 10.0; Win64; x64) AppleWebKit/537.36 (KHTML, like Gecko) Chrome/114.0.0.0 Safari/537.36" 7897 **7/7897398**
193.36.38.228 - - [12/May/2026:15:20:42 -0700] "POST /xmlrpc.php HTTP/1.1" 200 180 "-" "Mozilla/5.0 (Windows NT 10.0; Win64; x64) AppleWebKit/537.36 (KHTML, like Gecko) Chrome/114.0.0.0 Safari/537.36" 4026 **4/4026517**
66.249.72.5 - - [12/May/2026:15:20:42 -0700] "GET /legaal-online-casino-nederland-met-gratis-spins/ HTTP/1.1" 200 25203 "-" "Mozilla/5.0 (Linux; Android 6.0.1; Nexus 5X Build/MMB29P) AppleWebKit/537.36 (KHTML, like Gecko) Chrome/147.0.7727.137 Mobile Safari/537.36 (compatible; Googlebot/2.1; +http://www.google.com/bot.html)" 6448 **6/6448033**
193.36.38.228 - - [12/May/2026:15:20:51 -0700] "POST /xmlrpc.php HTTP/1.1" 200 10579 "-" "Mozilla/5.0 (Windows NT 10.0; Win64; x64) AppleWebKit/537.36 (KHTML, like Gecko) Chrome/114.0.0.0 Safari/537.36" 3834 **3/3834865**
98.98.66.85 - - [12/May/2026:15:20:50 -0700] "POST /xmlrpc.php HTTP/1.1" 200 10781 "-" "Mozilla/5.0 (Windows NT 10.0; Win64; x64) AppleWebKit/537.36 (KHTML, like Gecko) Chrome/114.0.0.0 Safari/537.36" 5213 **5/5213436**
193.36.38.228 - - [12/May/2026:15:20:55 -0700] "GET /top-live-casinos-2026-ebendiese-besten-live-dealer-spiele/ HTTP/1.1" 200 109124 "-" "Mozilla/5.0 (Windows NT 10.0; Win64; x64) AppleWebKit/537.36 (KHTML, like Gecko) Chrome/123.0.0.0 Safari/537.36 OPR/109.0.0.0" 7949 **7/7949426**
98.98.66.85 - - [12/May/2026:15:20:56 -0700] "GET /no-deposit-100-free-wagers-are-easily-among-the-best-incentives-you-can-claim-at-the-on-line-sportsbooks/ HTTP/1.1" 200 110659 "-" "Mozilla/5.0 (Windows NT 10.0; Win64; x64; rv:125.0) Gecko/20100101 Firefox/125.0" 10266 **10/10266507**
57.141.20.16 - - [12/May/2026:15:21:01 -0700] "GET /online-casino-nederland/ HTTP/2.0" 200 102067 "-" "meta-externalagent/1.1 (+https://developers.facebook.com/docs/sharing/webmasters/crawler)" 10316 **10/10316408**
47.82.9.2 - - [12/May/2026:15:21:23 -0700] "GET /slots-online-4-000-tragaperras-retiradas/ HTTP/1.1" 200 29557 "https://stichtingsalvator.nl/" "Mozilla/5.0 (Windows NT 10.0; Win64; x64) AppleWebKit/537.36 (KHTML, like Gecko) Chrome/134.0.0.0 Safari/537.36" 8029 **8/8029334**
66.249.76.196 - - [12/May/2026:15:21:31 -0700] "GET /?p=14400 HTTP/1.1" 301 - "-" "Mozilla/5.0 (Linux; Android 6.0.1; Nexus 5X Build/MMB29P) AppleWebKit/537.36 (KHTML, like Gecko) Chrome/147.0.7727.137 Mobile Safari/537.36 (compatible; Googlebot/2.1; +http://www.google.com/bot.html)" 6735 **6/6735866**
66.249.72.5 - - [12/May/2026:15:21:38 -0700] "GET /salon-prive-blackjack-casino/ HTTP/1.1" 200 25242 "-" "Mozilla/5.0 (Linux; Android 6.0.1; Nexus 5X Build/MMB29P) AppleWebKit/537.36 (KHTML, like Gecko) Chrome/147.0.7727.137 Mobile Safari/537.36 (compatible; Googlebot/2.1; +http://www.google.com/bot.html)" 6339 **6/6339297**
92.205.10.122 - - [12/May/2026:15:22:02 -0700] "POST /wp-cron.php?doing_wp_cron=1778624521.9533939361572265625000 HTTP/1.1" 200 - "-" "WordPress/6.9.4; https://stichtingsalvator.nl" 204 **0/204064**
98.98.66.85 - - [12/May/2026:15:21:54 -0700] "POST /xmlrpc.php HTTP/1.1" 200 180 "-" "Mozilla/5.0 (Windows NT 10.0; Win64; x64) AppleWebKit/537.36 (KHTML, like Gecko) Chrome/114.0.0.0 Safari/537.36" 7707 **7/7707706**
98.98.66.85 - - [12/May/2026:15:22:08 -0700] "POST /xmlrpc.php HTTP/1.1" 200 8571 "-" "Mozilla/5.0 (Windows NT 10.0; Win64; x64) AppleWebKit/537.36 (KHTML, like Gecko) Chrome/114.0.0.0 Safari/537.36" 4463 **4/4463582**
47.82.11.145 - - [12/May/2026:15:22:11 -0700] "GET /?p=12560 HTTP/1.1" 301 - "https://stichtingsalvator.nl/" "Mozilla/5.0 (X11; Linux x86_64) AppleWebKit/537.36 (KHTML, like Gecko) Chrome/129.0.0.0 Safari/537.36" 3167 **3/3167452**
98.98.66.85 - - [12/May/2026:15:22:14 -0700] "GET /you-can-also-receive-totally-free-spins-no-deposit-from-other-promotions-and-you-may-commitment-software/ HTTP/1.1" 200 108161 "-" "Mozilla/5.0 (Windows NT 10.0; Win64; x64) AppleWebKit/537.36 (KHTML, like Gecko) Chrome/124.0.0.0 Safari/537.36 Edg/124.0.0.0" 10141 **10/10141762**
47.82.11.145 - - [12/May/2026:15:22:14 -0700] "GET /speelautomatenhal-turnhout/ HTTP/1.1" 200 26145 "https://stichtingsalvator.nl/" "Mozilla/5.0 (X11; Linux x86_64) AppleWebKit/537.36 (KHTML, like Gecko) Chrome/129.0.0.0 Safari/537.36" 11535 **11/11535753**
66.249.72.7 - - [12/May/2026:15:22:24 -0700] "GET /?p=13252 HTTP/1.1" 301 - "-" "Mozilla/5.0 (Linux; Android 6.0.1; Nexus 5X Build/MMB29P) AppleWebKit/537.36 (KHTML, like Gecko) Chrome/147.0.7727.137 Mobile Safari/537.36 (compatible; Googlebot/2.1; +http://www.google.com/bot.html)" 5797 **5/5797889**
66.249.72.5 - - [12/May/2026:15:22:30 -0700] "GET /gokhal-zottegem/ HTTP/1.1" 200 25443 "-" "Mozilla/5.0 (Linux; Android 6.0.1; Nexus 5X Build/MMB29P) AppleWebKit/537.36 (KHTML, like Gecko) Chrome/147.0.7727.137 Mobile Safari/537.36 (compatible; Googlebot/2.1; +http://www.google.com/bot.html)" 9154 **9/9154086**
92.205.10.122 - - [12/May/2026:15:23:19 -0700] "POST /wp-cron.php?doing_wp_cron=1778624599.0683479309082031250000 HTTP/1.1" 200 - "-" "WordPress/6.9.4; https://stichtingsalvator.nl" 107 **0/107096**
98.98.66.85 - - [12/May/2026:15:23:12 -0700] "POST /xmlrpc.php HTTP/1.1" 200 180 "-" "Mozilla/5.0 (Windows NT 10.0; Win64; x64) AppleWebKit/537.36 (KHTML, like Gecko) Chrome/114.0.0.0 Safari/537.36" 6997 **6/6997529**
66.249.72.6 - - [12/May/2026:15:23:17 -0700] "GET /?p=13335 HTTP/1.1" 301 - "-" "Mozilla/5.0 (Linux; Android 6.0.1; Nexus 5X Build/MMB29P) AppleWebKit/537.36 (KHTML, like Gecko) Chrome/147.0.7727.137 Mobile Safari/537.36 (compatible; Googlebot/2.1; +http://www.google.com/bot.html)" 3169 **3/3169352**
66.249.76.196 - - [12/May/2026:15:23:20 -0700] "GET /nieuwe-bingo-site/ HTTP/1.1" 200 25134 "-" "Mozilla/5.0 (Linux; Android 6.0.1; Nexus 5X Build/MMB29P) AppleWebKit/537.36 (KHTML, like Gecko) Chrome/147.0.7727.137 Mobile Safari/537.36 (compatible; Googlebot/2.1; +http://www.google.com/bot.html)" 8941 **8/8941110**
98.98.66.85 - - [12/May/2026:15:23:25 -0700] "POST /xmlrpc.php HTTP/1.1" 200 9352 "-" "Mozilla/5.0 (Windows NT 10.0; Win64; x64) AppleWebKit/537.36 (KHTML, like Gecko) Chrome/114.0.0.0 Safari/537.36" 6568 **6/6568485**
98.98.66.85 - - [12/May/2026:15:23:33 -0700] "GET /cash-back-has-the-benefit-of-is-promotions-where-in-fact-the-bookie-refunds-their-risk/ HTTP/1.1" 200 108611 "-" "Mozilla/5.0 (Windows NT 10.0; Win64; x64; rv:125.0) Gecko/20100101 Firefox/125.0" 7118 **7/7118256**
66.249.72.5 - - [12/May/2026:15:23:50 -0700] "GET /?p=14930 HTTP/1.1" 301 - "-" "Mozilla/5.0 (Linux; Android 6.0.1; Nexus 5X Build/MMB29P) AppleWebKit/537.36 (KHTML, like Gecko) Chrome/147.0.7727.137 Mobile Safari/537.36 (compatible; Googlebot/2.1; +http://www.google.com/bot.html)" 3008 **3/3008767**
66.249.72.6 - - [12/May/2026:15:23:54 -0700] "GET /beste-sic-bo-site/ HTTP/1.1" 200 24891 "-" "Mozilla/5.0 (Linux; Android 6.0.1; Nexus 5X Build/MMB29P) AppleWebKit/537.36 (KHTML, like Gecko) Chrome/147.0.7727.137 Mobile Safari/537.36 (compatible; Googlebot/2.1; +http://www.google.com/bot.html)" 9050 **9/9050469**
66.249.72.5 - - [12/May/2026:15:24:10 -0700] "GET /?p=15121 HTTP/1.1" 301 - "-" "Mozilla/5.0 (Linux; Android 6.0.1; Nexus 5X Build/MMB29P) AppleWebKit/537.36 (KHTML, like Gecko) Chrome/147.0.7727.137 Mobile Safari/537.36 (compatible; Googlebot/2.1; +http://www.google.com/bot.html)" 3524 **3/3524118**
66.249.76.195 - - [12/May/2026:15:24:14 -0700] "GET /casino-storten-met-ideal/ HTTP/1.1" 200 24734 "-" "Mozilla/5.0 (Linux; Android 6.0.1; Nexus 5X Build/MMB29P) AppleWebKit/537.36 (KHTML, like Gecko) Chrome/147.0.7727.137 Mobile Safari/537.36 (compatible; Googlebot/2.1; +http://www.google.com/bot.html)" 6831 **6/6831301**
92.205.10.122 - - [12/May/2026:15:24:31 -0700] "POST /wp-cron.php?doing_wp_cron=1778624671.6675579547882080078125 HTTP/1.1" 200 - "-" "WordPress/6.9.4; https://stichtingsalvator.nl" 387 **0/387680**
98.98.66.85 - - [12/May/2026:15:24:26 -0700] "POST /xmlrpc.php HTTP/1.1" 200 180 "-" "Mozilla/5.0 (Windows NT 10.0; Win64; x64) AppleWebKit/537.36 (KHTML, like Gecko) Chrome/114.0.0.0 Safari/537.36" 5643 **5/5643820**
98.98.66.85 - - [12/May/2026:15:24:39 -0700] "POST /xmlrpc.php HTTP/1.1" 200 9424 "-" "Mozilla/5.0 (Windows NT 10.0; Win64; x64) AppleWebKit/537.36 (KHTML, like Gecko) Chrome/114.0.0.0 Safari/537.36" 3844 **3/3844688**
98.98.66.85 - - [12/May/2026:15:24:45 -0700] "GET /fool-around-with-extra-requirements-discover-doubleu-casino-100-free-chips/ HTTP/1.1" 200 108432 "-" "Mozilla/5.0 (Windows NT 10.0; Win64; x64) AppleWebKit/537.36 (KHTML, like Gecko) Chrome/123.0.0.0 Safari/537.36 OPR/109.0.0.0" 3062 **3/3062386**
66.249.72.5 - - [12/May/2026:15:24:50 -0700] "GET /?p=13488 HTTP/1.1" 301 - "-" "Mozilla/5.0 (Linux; Android 6.0.1; Nexus 5X Build/MMB29P) AppleWebKit/537.36 (KHTML, like Gecko) Chrome/147.0.7727.137 Mobile Safari/537.36 (compatible; Googlebot/2.1; +http://www.google.com/bot.html)" 1728 **1/1728909**
66.249.76.195 - - [12/May/2026:15:24:52 -0700] "GET /beste-online-casino-zwolle/ HTTP/1.1" 200 25099 "-" "Mozilla/5.0 (Linux; Android 6.0.1; Nexus 5X Build/MMB29P) AppleWebKit/537.36 (KHTML, like Gecko) Chrome/147.0.7727.137 Mobile Safari/537.36 (compatible; Googlebot/2.1; +http://www.google.com/bot.html)" 6132 **6/6132151**
66.249.72.7 - - [12/May/2026:15:25:03 -0700] "GET /?p=13650 HTTP/1.1" 301 - "-" "Mozilla/5.0 (Linux; Android 6.0.1; Nexus 5X Build/MMB29P) AppleWebKit/537.36 (KHTML, like Gecko) Chrome/147.0.7727.137 Mobile Safari/537.36 (compatible; Googlebot/2.1; +http://www.google.com/bot.html)" 3216 **3/3216244**
66.249.72.5 - - [12/May/2026:15:25:07 -0700] "GET /wp-content/plugins/elementor/assets/css/conditionals/apple-webkit.min.css?ver=4.0.7 HTTP/1.1" 200 547 "https://stichtingsalvator.nl/beste-online-casino-zwolle/" "Mozilla/5.0 (Linux; Android 6.0.1; Nexus 5X Build/MMB29P) AppleWebKit/537.36 (KHTML, like Gecko) Chrome/147.0.7727.137 Mobile Safari/537.36 (compatible; Googlebot/2.1; +http://www.google.com/bot.html)" 26 **0/26532**
66.249.72.6 - - [12/May/2026:15:25:06 -0700] "GET /single-deck-blackjack-echt-geld/ HTTP/1.1" 200 25376 "-" "Mozilla/5.0 (Linux; Android 6.0.1; Nexus 5X Build/MMB29P) AppleWebKit/537.36 (KHTML, like Gecko) Chrome/147.0.7727.137 Mobile Safari/537.36 (compatible; Googlebot/2.1; +http://www.google.com/bot.html)" 8978 **8/8978315**
66.249.72.5 - - [12/May/2026:15:25:21 -0700] "GET /wp-content/plugins/elementor/assets/css/conditionals/apple-webkit.min.css?ver=4.0.7 HTTP/1.1" 200 547 "https://stichtingsalvator.nl/single-deck-blackjack-echt-geld/" "Mozilla/5.0 (Linux; Android 6.0.1; Nexus 5X Build/MMB29P) AppleWebKit/537.36 (KHTML, like Gecko) Chrome/147.0.7727.137 Mobile Safari/537.36 (compatible; Googlebot/2.1; +http://www.google.com/bot.html)" 10 **0/10486**
92.205.10.122 - - [12/May/2026:15:25:47 -0700] "POST /wp-cron.php?doing_wp_cron=1778624746.9620730876922607421875 HTTP/1.1" 200 - "-" "WordPress/6.9.4; https://stichtingsalvator.nl" 199 **0/199268**
98.98.66.85 - - [12/May/2026:15:25:38 -0700] "POST /xmlrpc.php HTTP/1.1" 200 180 "-" "Mozilla/5.0 (Windows NT 10.0; Win64; x64) AppleWebKit/537.36 (KHTML, like Gecko) Chrome/114.0.0.0 Safari/537.36" 8988 **8/8988484**
98.98.66.85 - - [12/May/2026:15:25:53 -0700] "POST /xmlrpc.php HTTP/1.1" 200 11084 "-" "Mozilla/5.0 (Windows NT 10.0; Win64; x64) AppleWebKit/537.36 (KHTML, like Gecko) Chrome/114.0.0.0 Safari/537.36" 7127 **7/7127159**
66.249.76.195 - - [12/May/2026:15:25:55 -0700] "GET /?p=11722 HTTP/1.1" 301 - "-" "Mozilla/5.0 (Linux; Android 6.0.1; Nexus 5X Build/MMB29P) AppleWebKit/537.36 (KHTML, like Gecko) Chrome/147.0.7727.137 Mobile Safari/537.36 (compatible; Googlebot/2.1; +http://www.google.com/bot.html)" 8547 **8/8547206**
98.98.66.85 - - [12/May/2026:15:26:01 -0700] "GET /complete-100-free-spins-no-deposit-casinos-offer-a-threat-totally-free-and-easy-cure-for-sense-web-based-casinos/ HTTP/1.1" 200 111082 "-" "Mozilla/5.0 (Windows NT 10.0; Win64; x64) AppleWebKit/537.36 (KHTML, like Gecko) Chrome/123.0.0.0 Safari/537.36 OPR/109.0.0.0" 12742 **12/12742031**
66.249.72.5 - - [12/May/2026:15:26:04 -0700] "GET /lucky10-casino-review-en-ervaringen-2026/ HTTP/1.1" 200 24915 "-" "Mozilla/5.0 (Linux; Android 6.0.1; Nexus 5X Build/MMB29P) AppleWebKit/537.36 (KHTML, like Gecko) Chrome/147.0.7727.137 Mobile Safari/537.36 (compatible; Googlebot/2.1; +http://www.google.com/bot.html)" 10905 **10/10905591**
193.36.38.228 - - [12/May/2026:15:26:25 -0700] "POST /xmlrpc.php HTTP/1.1" 200 180 "-" "Mozilla/5.0 (Windows NT 10.0; Win64; x64) AppleWebKit/537.36 (KHTML, like Gecko) Chrome/114.0.0.0 Safari/537.36" 8010 **8/8010402**
193.36.38.228 - - [12/May/2026:15:26:38 -0700] "POST /xmlrpc.php HTTP/1.1" 200 11926 "-" "Mozilla/5.0 (Windows NT 10.0; Win64; x64) AppleWebKit/537.36 (KHTML, like Gecko) Chrome/114.0.0.0 Safari/537.36" 4848 **4/4848170**
193.36.38.228 - - [12/May/2026:15:26:43 -0700] "GET /tagesordnungspunkt-10-land-der-dichter-und-denker-im-im-jahre-2026/ HTTP/1.1" 200 110567 "-" "Mozilla/5.0 (Windows NT 10.0; Win64; x64) AppleWebKit/537.36 (KHTML, like Gecko) Chrome/123.0.0.0 Safari/537.36" 6247 **6/6247954**
98.98.66.85 - - [12/May/2026:15:26:49 -0700] "POST /xmlrpc.php HTTP/1.1" 200 180 "-" "Mozilla/5.0 (Windows NT 10.0; Win64; x64) AppleWebKit/537.36 (KHTML, like Gecko) Chrome/114.0.0.0 Safari/537.36" 5078 **5/5078610**
92.205.10.122 - - [12/May/2026:15:27:05 -0700] "POST /wp-cron.php?doing_wp_cron=1778624825.0676438808441162109375 HTTP/1.1" 200 - "-" "WordPress/6.9.4; https://stichtingsalvator.nl" 91 **0/91710**
98.98.66.85 - - [12/May/2026:15:27:01 -0700] "POST /xmlrpc.php HTTP/1.1" 200 12261 "-" "Mozilla/5.0 (Windows NT 10.0; Win64; x64) AppleWebKit/537.36 (KHTML, like Gecko) Chrome/114.0.0.0 Safari/537.36" 4156 **4/4156290**
